57.141.0.73 - - [12/Dec/2025:00:20:23 +0100] "GET /?products/10453171/ HTTP/2.0" 200 - "-" "meta-externalagent/1.1 (+https://developers.facebook.com/docs/sharing/webmasters/crawler)"
57.141.0.25 - - [12/Dec/2025:00:20:24 +0100] "GET /?products/22663582/ HTTP/2.0" 200 - "-" "meta-externalagent/1.1 (+https://developers.facebook.com/docs/sharing/webmasters/crawler)"
57.141.0.65 - - [12/Dec/2025:00:20:24 +0100] "GET /?products/24695848/ HTTP/2.0" 200 - "-" "meta-externalagent/1.1 (+https://developers.facebook.com/docs/sharing/webmasters/crawler)"
216.73.216.86 - - [12/Dec/2025:00:20:25 +0100] "GET /revisions/ebfcx1/index.php?lokasie=%2Flib64%2FlibBrokenLocale-2.28.so&loknya=%2Flib64 HTTP/2.0" 200 1373 "-" "Mozilla/5.0 AppleWebKit/537.36 (KHTML, like Gecko; compatible; ClaudeBot/1.0; +claudebot@anthropic.com)"
57.141.0.1 - - [12/Dec/2025:00:20:25 +0100] "GET /?products/16500937/ HTTP/2.0" 200 - "-" "meta-externalagent/1.1 (+https://developers.facebook.com/docs/sharing/webmasters/crawler)"
57.141.0.24 - - [12/Dec/2025:00:20:25 +0100] "GET /?products/23714412/ HTTP/2.0" 200 - "-" "meta-externalagent/1.1 (+https://developers.facebook.com/docs/sharing/webmasters/crawler)"
57.141.0.68 - - [12/Dec/2025:00:20:26 +0100] "GET /?products/6623660/ HTTP/2.0" 200 - "-" "meta-externalagent/1.1 (+https://developers.facebook.com/docs/sharing/webmasters/crawler)"
57.141.0.24 - - [12/Dec/2025:00:20:26 +0100] "GET /?products/11466715/ HTTP/2.0" 200 - "-" "meta-externalagent/1.1 (+https://developers.facebook.com/docs/sharing/webmasters/crawler)"
57.141.0.59 - - [12/Dec/2025:00:20:26 +0100] "GET /?products/5399737/ HTTP/2.0" 200 - "-" "meta-externalagent/1.1 (+https://developers.facebook.com/docs/sharing/webmasters/crawler)"
57.141.0.25 - - [12/Dec/2025:00:20:27 +0100] "GET /?products/15200826/ HTTP/2.0" 200 - "-" "meta-externalagent/1.1 (+https://developers.facebook.com/docs/sharing/webmasters/crawler)"
57.141.0.30 - - [12/Dec/2025:00:20:28 +0100] "GET /?products/7705260/ HTTP/2.0" 200 - "-" "meta-externalagent/1.1 (+https://developers.facebook.com/docs/sharing/webmasters/crawler)"
57.141.0.43 - - [12/Dec/2025:00:20:28 +0100] "GET /?products/21474837/ HTTP/2.0" 200 - "-" "meta-externalagent/1.1 (+https://developers.facebook.com/docs/sharing/webmasters/crawler)"
57.141.0.35 - - [12/Dec/2025:00:20:29 +0100] "GET /?products/8882901/ HTTP/2.0" 200 - "-" "meta-externalagent/1.1 (+https://developers.facebook.com/docs/sharing/webmasters/crawler)"
57.141.0.36 - - [12/Dec/2025:00:20:29 +0100] "GET /?products/7498748/ HTTP/2.0" 200 - "-" "meta-externalagent/1.1 (+https://developers.facebook.com/docs/sharing/webmasters/crawler)"
57.141.0.1 - - [12/Dec/2025:00:20:30 +0100] "GET /?products/13825171/ HTTP/2.0" 200 - "-" "meta-externalagent/1.1 (+https://developers.facebook.com/docs/sharing/webmasters/crawler)"
216.73.216.86 - - [12/Dec/2025:00:20:30 +0100] "GET /revisions/ebfcx1/index.php?lokasie=%2Flib64%2Flibtiffxx.so&loknya=%2Flib64 HTTP/2.0" 200 1363 "-" "Mozilla/5.0 AppleWebKit/537.36 (KHTML, like Gecko; compatible; ClaudeBot/1.0; +claudebot@anthropic.com)"
57.141.0.44 - - [12/Dec/2025:00:20:30 +0100] "GET /?products/8627315/ HTTP/2.0" 200 - "-" "meta-externalagent/1.1 (+https://developers.facebook.com/docs/sharing/webmasters/crawler)"
57.141.0.28 - - [12/Dec/2025:00:20:30 +0100] "GET /?products/6259626/ HTTP/2.0" 200 - "-" "meta-externalagent/1.1 (+https://developers.facebook.com/docs/sharing/webmasters/crawler)"
57.141.0.5 - - [12/Dec/2025:00:20:30 +0100] "GET /?products/3584671/ HTTP/2.0" 200 - "-" "meta-externalagent/1.1 (+https://developers.facebook.com/docs/sharing/webmasters/crawler)"
57.141.0.43 - - [12/Dec/2025:00:20:31 +0100] "GET /?products/15822004/ HTTP/2.0" 200 - "-" "meta-externalagent/1.1 (+https://developers.facebook.com/docs/sharing/webmasters/crawler)"
57.141.0.17 - - [12/Dec/2025:00:20:32 +0100] "GET /?products/9112826/ HTTP/2.0" 200 - "-" "meta-externalagent/1.1 (+https://developers.facebook.com/docs/sharing/webmasters/crawler)"
57.141.0.51 - - [12/Dec/2025:00:20:32 +0100] "GET /?products/8310293/ HTTP/2.0" 200 - "-" "meta-externalagent/1.1 (+https://developers.facebook.com/docs/sharing/webmasters/crawler)"
57.141.0.30 - - [12/Dec/2025:00:20:33 +0100] "GET /?products/7283556/ HTTP/2.0" 200 - "-" "meta-externalagent/1.1 (+https://developers.facebook.com/docs/sharing/webmasters/crawler)"
57.141.0.28 - - [12/Dec/2025:00:20:33 +0100] "GET /?products/15408845/ HTTP/2.0" 200 - "-" "meta-externalagent/1.1 (+https://developers.facebook.com/docs/sharing/webmasters/crawler)"
57.141.0.39 - - [12/Dec/2025:00:20:33 +0100] "GET /?products/16972748/ HTTP/2.0" 200 - "-" "meta-externalagent/1.1 (+https://developers.facebook.com/docs/sharing/webmasters/crawler)"
57.141.0.34 - - [12/Dec/2025:00:20:35 +0100] "GET /?products/10717771/ HTTP/2.0" 200 - "-" "meta-externalagent/1.1 (+https://developers.facebook.com/docs/sharing/webmasters/crawler)"
216.73.216.86 - - [12/Dec/2025:00:20:35 +0100] "GET /revisions/ebfcx1/index.php?lokasie=%2Flib64%2Flibisccfg.so.163&loknya=%2Flib64 HTTP/2.0" 200 1366 "-" "Mozilla/5.0 AppleWebKit/537.36 (KHTML, like Gecko; compatible; ClaudeBot/1.0; +claudebot@anthropic.com)"
57.141.0.54 - - [12/Dec/2025:00:20:35 +0100] "GET /?products/24290193/ HTTP/2.0" 200 - "-" "meta-externalagent/1.1 (+https://developers.facebook.com/docs/sharing/webmasters/crawler)"
57.141.0.41 - - [12/Dec/2025:00:20:35 +0100] "GET /?products/21973582/ HTTP/2.0" 200 - "-" "meta-externalagent/1.1 (+https://developers.facebook.com/docs/sharing/webmasters/crawler)"
57.141.0.26 - - [12/Dec/2025:00:20:36 +0100] "GET /?products/11738871/ HTTP/2.0" 200 - "-" "meta-externalagent/1.1 (+https://developers.facebook.com/docs/sharing/webmasters/crawler)"
57.141.0.37 - - [12/Dec/2025:00:20:36 +0100] "GET /?products/4318460/ HTTP/2.0" 200 - "-" "meta-externalagent/1.1 (+https://developers.facebook.com/docs/sharing/webmasters/crawler)"
57.141.0.66 - - [12/Dec/2025:00:20:36 +0100] "GET /?products/13150371/ HTTP/2.0" 200 - "-" "meta-externalagent/1.1 (+https://developers.facebook.com/docs/sharing/webmasters/crawler)"
57.141.0.45 - - [12/Dec/2025:00:20:37 +0100] "GET /?products/6441948/ HTTP/2.0" 200 - "-" "meta-externalagent/1.1 (+https://developers.facebook.com/docs/sharing/webmasters/crawler)"
57.141.0.51 - - [12/Dec/2025:00:20:37 +0100] "GET /?products/2875159/ HTTP/2.0" 200 - "-" "meta-externalagent/1.1 (+https://developers.facebook.com/docs/sharing/webmasters/crawler)"
57.141.0.71 - - [12/Dec/2025:00:20:38 +0100] "GET /?products/21901904/ HTTP/2.0" 200 - "-" "meta-externalagent/1.1 (+https://developers.facebook.com/docs/sharing/webmasters/crawler)"
57.141.0.47 - - [12/Dec/2025:00:20:39 +0100] "GET /?products/21357378/ HTTP/2.0" 200 - "-" "meta-externalagent/1.1 (+https://developers.facebook.com/docs/sharing/webmasters/crawler)"
57.141.0.42 - - [12/Dec/2025:00:20:39 +0100] "GET /?products/12416582/ HTTP/2.0" 200 - "-" "meta-externalagent/1.1 (+https://developers.facebook.com/docs/sharing/webmasters/crawler)"
57.141.0.12 - - [12/Dec/2025:00:20:39 +0100] "GET /?products/9263082/ HTTP/2.0" 200 - "-" "meta-externalagent/1.1 (+https://developers.facebook.com/docs/sharing/webmasters/crawler)"
216.73.216.86 - - [12/Dec/2025:00:20:40 +0100] "GET /revisions/ebfcx1/index.php?lokasie=%2Fhome%2Fcarpe%2Flogs%2Fcarpe.jules.renauld.mmi-velizy.fr-ssl_log-Mar-2025.gz&loknya=%2Fhome%2Fcarpe%2Flogs HTTP/2.0" 200 1406 "-" "Mozilla/5.0 AppleWebKit/537.36 (KHTML, like Gecko; compatible; ClaudeBot/1.0; +claudebot@anthropic.com)"
57.141.0.42 - - [12/Dec/2025:00:20:41 +0100] "GET /?products/15460026/ HTTP/2.0" 200 - "-" "meta-externalagent/1.1 (+https://developers.facebook.com/docs/sharing/webmasters/crawler)"
57.141.0.51 - - [12/Dec/2025:00:20:41 +0100] "GET /?products/25267460/ HTTP/2.0" 200 - "-" "meta-externalagent/1.1 (+https://developers.facebook.com/docs/sharing/webmasters/crawler)"
57.141.0.10 - - [12/Dec/2025:00:20:41 +0100] "GET /?products/21945493/ HTTP/2.0" 200 - "-" "meta-externalagent/1.1 (+https://developers.facebook.com/docs/sharing/webmasters/crawler)"
57.141.0.47 - - [12/Dec/2025:00:20:42 +0100] "GET /?products/5325571/ HTTP/2.0" 200 - "-" "meta-externalagent/1.1 (+https://developers.facebook.com/docs/sharing/webmasters/crawler)"
57.141.0.10 - - [12/Dec/2025:00:20:43 +0100] "GET /?products/12699804/ HTTP/2.0" 200 - "-" "meta-externalagent/1.1 (+https://developers.facebook.com/docs/sharing/webmasters/crawler)"
57.141.0.40 - - [12/Dec/2025:00:20:43 +0100] "GET /?products/5408459/ HTTP/2.0" 200 - "-" "meta-externalagent/1.1 (+https://developers.facebook.com/docs/sharing/webmasters/crawler)"
57.141.0.13 - - [12/Dec/2025:00:20:44 +0100] "GET /?products/2045359/ HTTP/2.0" 200 - "-" "meta-externalagent/1.1 (+https://developers.facebook.com/docs/sharing/webmasters/crawler)"
57.141.0.62 - - [12/Dec/2025:00:20:44 +0100] "GET /?products/12473704/ HTTP/2.0" 200 - "-" "meta-externalagent/1.1 (+https://developers.facebook.com/docs/sharing/webmasters/crawler)"
57.141.0.27 - - [12/Dec/2025:00:20:45 +0100] "GET /?products/23840104/ HTTP/2.0" 200 - "-" "meta-externalagent/1.1 (+https://developers.facebook.com/docs/sharing/webmasters/crawler)"
216.73.216.86 - - [12/Dec/2025:00:20:45 +0100] "GET /revisions/ebfcx1/?lokasie=%2Fhome%2Fcarpe%2Ftmp%2Fawstats%2Fawstats042025.carpe.jules.renauld.mmi-velizy.fr.txt&loknya=%2Fhome%2Fcarpe%2Ftmp%2Fawstats HTTP/2.0" 200 3299 "-" "Mozilla/5.0 AppleWebKit/537.36 (KHTML, like Gecko; compatible; ClaudeBot/1.0; +claudebot@anthropic.com)"
57.141.0.52 - - [12/Dec/2025:00:20:45 +0100] "GET /?products/20979382/ HTTP/2.0" 200 - "-" "meta-externalagent/1.1 (+https://developers.facebook.com/docs/sharing/webmasters/crawler)"
57.141.0.17 - - [12/Dec/2025:00:20:46 +0100] "GET /?products/10214859/ HTTP/2.0" 200 - "-" "meta-externalagent/1.1 (+https://developers.facebook.com/docs/sharing/webmasters/crawler)"
57.141.0.62 - - [12/Dec/2025:00:20:46 +0100] "GET /?products/12902678/ HTTP/2.0" 200 - "-" "meta-externalagent/1.1 (+https://developers.facebook.com/docs/sharing/webmasters/crawler)"
57.141.0.15 - - [12/Dec/2025:00:20:47 +0100] "GET /?products/16627748/ HTTP/2.0" 200 - "-" "meta-externalagent/1.1 (+https://developers.facebook.com/docs/sharing/webmasters/crawler)"
57.141.0.48 - - [12/Dec/2025:00:20:47 +0100] "GET /?products/20599704/ HTTP/2.0" 200 - "-" "meta-externalagent/1.1 (+https://developers.facebook.com/docs/sharing/webmasters/crawler)"
57.141.0.68 - - [12/Dec/2025:00:20:48 +0100] "GET /?products/8829160/ HTTP/2.0" 200 - "-" "meta-externalagent/1.1 (+https://developers.facebook.com/docs/sharing/webmasters/crawler)"
57.141.0.73 - - [12/Dec/2025:00:20:48 +0100] "GET /?products/17365671/ HTTP/2.0" 200 - "-" "meta-externalagent/1.1 (+https://developers.facebook.com/docs/sharing/webmasters/crawler)"
57.141.0.6 - - [12/Dec/2025:00:20:49 +0100] "GET /?products/16841637/ HTTP/2.0" 200 - "-" "meta-externalagent/1.1 (+https://developers.facebook.com/docs/sharing/webmasters/crawler)"
57.141.0.54 - - [12/Dec/2025:00:20:49 +0100] "GET /?products/19693726/ HTTP/2.0" 200 - "-" "meta-externalagent/1.1 (+https://developers.facebook.com/docs/sharing/webmasters/crawler)"
216.73.216.86 - - [12/Dec/2025:00:20:50 +0100] "GET /revisions/ebfcx1/index.php?lokasie=%2Fhome%2Fcarpe%2Flogs%2Fftp.jules.renauld.mmi-velizy.fr-ftp_log-Apr-2025.gz&loknya=%2Fhome%2Fcarpe%2Flogs HTTP/2.0" 200 1407 "-" "Mozilla/5.0 AppleWebKit/537.36 (KHTML, like Gecko; compatible; ClaudeBot/1.0; +claudebot@anthropic.com)"
57.141.0.39 - - [12/Dec/2025:00:20:50 +0100] "GET /?products/5400060/ HTTP/2.0" 200 - "-" "meta-externalagent/1.1 (+https://developers.facebook.com/docs/sharing/webmasters/crawler)"
66.249.79.161 - - [12/Dec/2025:00:20:49 +0100] "GET /detail/166643079 HTTP/1.1" 200 20329 "-" "Mozilla/5.0 (Linux; Android 6.0.1; Nexus 5X Build/MMB29P) AppleWebKit/537.36 (KHTML, like Gecko) Chrome/141.0.7390.122 Mobile Safari/537.36 (compatible; Googlebot/2.1; +http://www.google.com/bot.html)"
57.141.0.56 - - [12/Dec/2025:00:20:51 +0100] "GET /?products/16493560/ HTTP/2.0" 200 - "-" "meta-externalagent/1.1 (+https://developers.facebook.com/docs/sharing/webmasters/crawler)"
57.141.0.42 - - [12/Dec/2025:00:20:51 +0100] "GET /?products/8450960/ HTTP/2.0" 200 - "-" "meta-externalagent/1.1 (+https://developers.facebook.com/docs/sharing/webmasters/crawler)"
57.141.0.28 - - [12/Dec/2025:00:20:52 +0100] "GET /?products/1817471/ HTTP/2.0" 200 - "-" "meta-externalagent/1.1 (+https://developers.facebook.com/docs/sharing/webmasters/crawler)"
57.141.0.38 - - [12/Dec/2025:00:20:52 +0100] "GET /?products/23795815/ HTTP/2.0" 200 - "-" "meta-externalagent/1.1 (+https://developers.facebook.com/docs/sharing/webmasters/crawler)"
57.141.0.50 - - [12/Dec/2025:00:20:52 +0100] "GET /?products/14338812/ HTTP/2.0" 200 - "-" "meta-externalagent/1.1 (+https://developers.facebook.com/docs/sharing/webmasters/crawler)"
57.141.0.38 - - [12/Dec/2025:00:20:53 +0100] "GET /?products/13394626/ HTTP/2.0" 200 - "-" "meta-externalagent/1.1 (+https://developers.facebook.com/docs/sharing/webmasters/crawler)"
57.141.0.66 - - [12/Dec/2025:00:20:53 +0100] "GET /?products/8611237/ HTTP/2.0" 200 - "-" "meta-externalagent/1.1 (+https://developers.facebook.com/docs/sharing/webmasters/crawler)"
57.141.0.44 - - [12/Dec/2025:00:20:54 +0100] "GET /?products/20918393/ HTTP/2.0" 200 - "-" "meta-externalagent/1.1 (+https://developers.facebook.com/docs/sharing/webmasters/crawler)"
57.141.0.10 - - [12/Dec/2025:00:20:54 +0100] "GET /?products/26233559/ HTTP/2.0" 200 - "-" "meta-externalagent/1.1 (+https://developers.facebook.com/docs/sharing/webmasters/crawler)"
216.73.216.86 - - [12/Dec/2025:00:20:55 +0100] "GET /revisions/ebfcx1/?lokasie=%2Fetc%2Fpki%2Frpm-gpg%2FRPM-GPG-KEY-AlmaLinux&loknya=%2Fetc%2Fpki%2Frpm-gpg HTTP/2.0" 200 5337 "-" "Mozilla/5.0 AppleWebKit/537.36 (KHTML, like Gecko; compatible; ClaudeBot/1.0; +claudebot@anthropic.com)"
57.141.0.1 - - [12/Dec/2025:00:20:55 +0100] "GET /?products/12175382/ HTTP/2.0" 200 - "-" "meta-externalagent/1.1 (+https://developers.facebook.com/docs/sharing/webmasters/crawler)"
57.141.0.59 - - [12/Dec/2025:00:20:55 +0100] "GET /?products/6903060/ HTTP/2.0" 200 - "-" "meta-externalagent/1.1 (+https://developers.facebook.com/docs/sharing/webmasters/crawler)"
57.141.0.27 - - [12/Dec/2025:00:20:56 +0100] "GET /?products/23104571/ HTTP/2.0" 200 - "-" "meta-externalagent/1.1 (+https://developers.facebook.com/docs/sharing/webmasters/crawler)"
57.141.0.50 - - [12/Dec/2025:00:20:56 +0100] "GET /?products/24349626/ HTTP/2.0" 200 - "-" "meta-externalagent/1.1 (+https://developers.facebook.com/docs/sharing/webmasters/crawler)"
57.141.0.14 - - [12/Dec/2025:00:20:57 +0100] "GET /?products/20047093/ HTTP/2.0" 200 - "-" "meta-externalagent/1.1 (+https://developers.facebook.com/docs/sharing/webmasters/crawler)"
57.141.0.18 - - [12/Dec/2025:00:20:57 +0100] "GET /?products/23647823/ HTTP/2.0" 200 - "-" "meta-externalagent/1.1 (+https://developers.facebook.com/docs/sharing/webmasters/crawler)"
57.141.0.35 - - [12/Dec/2025:00:20:58 +0100] "GET /?products/14249571/ HTTP/2.0" 200 - "-" "meta-externalagent/1.1 (+https://developers.facebook.com/docs/sharing/webmasters/crawler)"
57.141.0.13 - - [12/Dec/2025:00:20:58 +0100] "GET /?products/11204882/ HTTP/2.0" 200 - "-" "meta-externalagent/1.1 (+https://developers.facebook.com/docs/sharing/webmasters/crawler)"
57.141.0.69 - - [12/Dec/2025:00:20:59 +0100] "GET /?products/3961145/ HTTP/2.0" 200 - "-" "meta-externalagent/1.1 (+https://developers.facebook.com/docs/sharing/webmasters/crawler)"
57.141.0.10 - - [12/Dec/2025:00:20:59 +0100] "GET /?products/11421326/ HTTP/2.0" 200 - "-" "meta-externalagent/1.1 (+https://developers.facebook.com/docs/sharing/webmasters/crawler)"
216.73.216.86 - - [12/Dec/2025:00:21:00 +0100] "GET /revisions/ebfcx1/?loknya=%2Flib%2Ftuned%2Fintel-sst HTTP/2.0" 200 1780 "-" "Mozilla/5.0 AppleWebKit/537.36 (KHTML, like Gecko; compatible; ClaudeBot/1.0; +claudebot@anthropic.com)"
57.141.0.38 - - [12/Dec/2025:00:21:00 +0100] "GET /?products/6024448/ HTTP/2.0" 200 - "-" "meta-externalagent/1.1 (+https://developers.facebook.com/docs/sharing/webmasters/crawler)"
57.141.0.35 - - [12/Dec/2025:00:21:00 +0100] "GET /?products/11980371/ HTTP/2.0" 200 - "-" "meta-externalagent/1.1 (+https://developers.facebook.com/docs/sharing/webmasters/crawler)"
57.141.0.60 - - [12/Dec/2025:00:21:01 +0100] "GET /?products/11025748/ HTTP/2.0" 200 - "-" "meta-externalagent/1.1 (+https://developers.facebook.com/docs/sharing/webmasters/crawler)"
57.141.0.3 - - [12/Dec/2025:00:21:01 +0100] "GET /?products/19872293/ HTTP/2.0" 200 - "-" "meta-externalagent/1.1 (+https://developers.facebook.com/docs/sharing/webmasters/crawler)"
57.141.0.39 - - [12/Dec/2025:00:21:02 +0100] "GET /?products/5593460/ HTTP/2.0" 200 - "-" "meta-externalagent/1.1 (+https://developers.facebook.com/docs/sharing/webmasters/crawler)"
57.141.0.26 - - [12/Dec/2025:00:21:02 +0100] "GET /?products/22027826/ HTTP/2.0" 200 - "-" "meta-externalagent/1.1 (+https://developers.facebook.com/docs/sharing/webmasters/crawler)"
57.141.0.34 - - [12/Dec/2025:00:21:03 +0100] "GET /?products/1887893/ HTTP/2.0" 200 - "-" "meta-externalagent/1.1 (+https://developers.facebook.com/docs/sharing/webmasters/crawler)"
57.141.0.9 - - [12/Dec/2025:00:21:04 +0100] "GET /?products/23635148/ HTTP/2.0" 200 - "-" "meta-externalagent/1.1 (+https://developers.facebook.com/docs/sharing/webmasters/crawler)"
57.141.0.23 - - [12/Dec/2025:00:21:04 +0100] "GET /?products/4795493/ HTTP/2.0" 200 - "-" "meta-externalagent/1.1 (+https://developers.facebook.com/docs/sharing/webmasters/crawler)"
57.141.0.14 - - [12/Dec/2025:00:21:04 +0100] "GET /?products/25168982/ HTTP/2.0" 200 - "-" "meta-externalagent/1.1 (+https://developers.facebook.com/docs/sharing/webmasters/crawler)"
216.73.216.86 - - [12/Dec/2025:00:21:05 +0100] "GET /revisions/ebfcx1/index.php?lokasie=%2Flib64%2Flibrpmsign.so.8&loknya=%2Flib64 HTTP/2.0" 200 1364 "-" "Mozilla/5.0 AppleWebKit/537.36 (KHTML, like Gecko; compatible; ClaudeBot/1.0; +claudebot@anthropic.com)"
57.141.0.19 - - [12/Dec/2025:00:21:05 +0100] "GET /?products/18507815/ HTTP/2.0" 200 - "-" "meta-externalagent/1.1 (+https://developers.facebook.com/docs/sharing/webmasters/crawler)"
57.141.0.47 - - [12/Dec/2025:00:21:05 +0100] "GET /?products/11710793/ HTTP/2.0" 200 - "-" "meta-externalagent/1.1 (+https://developers.facebook.com/docs/sharing/webmasters/crawler)"
57.141.0.2 - - [12/Dec/2025:00:21:06 +0100] "GET /?products/26249337/ HTTP/2.0" 200 - "-" "meta-externalagent/1.1 (+https://developers.facebook.com/docs/sharing/webmasters/crawler)"
57.141.0.7 - - [12/Dec/2025:00:21:06 +0100] "GET /?products/13617393/ HTTP/2.0" 200 - "-" "meta-externalagent/1.1 (+https://developers.facebook.com/docs/sharing/webmasters/crawler)"
57.141.0.24 - - [12/Dec/2025:00:21:06 +0100] "GET /?products/22494459/ HTTP/2.0" 200 - "-" "meta-externalagent/1.1 (+https://developers.facebook.com/docs/sharing/webmasters/crawler)"
57.141.0.22 - - [12/Dec/2025:00:21:07 +0100] "GET /?products/10163971/ HTTP/2.0" 200 - "-" "meta-externalagent/1.1 (+https://developers.facebook.com/docs/sharing/webmasters/crawler)"
57.141.0.3 - - [12/Dec/2025:00:21:08 +0100] "GET /?products/25989526/ HTTP/2.0" 200 - "-" "meta-externalagent/1.1 (+https://developers.facebook.com/docs/sharing/webmasters/crawler)"
57.141.0.11 - - [12/Dec/2025:00:21:08 +0100] "GET /?products/18300959/ HTTP/2.0" 200 - "-" "meta-externalagent/1.1 (+https://developers.facebook.com/docs/sharing/webmasters/crawler)"
57.141.0.27 - - [12/Dec/2025:00:21:09 +0100] "GET /?products/18308104/ HTTP/2.0" 200 - "-" "meta-externalagent/1.1 (+https://developers.facebook.com/docs/sharing/webmasters/crawler)"
57.141.0.49 - - [12/Dec/2025:00:21:09 +0100] "GET /?products/15970859/ HTTP/2.0" 200 - "-" "meta-externalagent/1.1 (+https://developers.facebook.com/docs/sharing/webmasters/crawler)"
216.73.216.86 - - [12/Dec/2025:00:21:10 +0100] "GET /revisions/ebfcx1/?lokasie=%2Flib%2Ffirmware%2Fqat_c3xxx_mmp.bin&loknya=%2Flib%2Ffirmware HTTP/2.0" 200 1382 "-" "Mozilla/5.0 AppleWebKit/537.36 (KHTML, like Gecko; compatible; ClaudeBot/1.0; +claudebot@anthropic.com)"
57.141.0.12 - - [12/Dec/2025:00:21:10 +0100] "GET /?products/2703148/ HTTP/2.0" 200 - "-" "meta-externalagent/1.1 (+https://developers.facebook.com/docs/sharing/webmasters/crawler)"
57.141.0.15 - - [12/Dec/2025:00:21:10 +0100] "GET /?products/22853148/ HTTP/2.0" 200 - "-" "meta-externalagent/1.1 (+https://developers.facebook.com/docs/sharing/webmasters/crawler)"
57.141.0.2 - - [12/Dec/2025:00:21:11 +0100] "GET /?products/24522415/ HTTP/2.0" 200 - "-" "meta-externalagent/1.1 (+https://developers.facebook.com/docs/sharing/webmasters/crawler)"
57.141.0.5 - - [12/Dec/2025:00:21:11 +0100] "GET /?products/23308059/ HTTP/2.0" 200 - "-" "meta-externalagent/1.1 (+https://developers.facebook.com/docs/sharing/webmasters/crawler)"
57.141.0.38 - - [12/Dec/2025:00:21:12 +0100] "GET /?products/11996982/ HTTP/2.0" 200 - "-" "meta-externalagent/1.1 (+https://developers.facebook.com/docs/sharing/webmasters/crawler)"
57.141.0.28 - - [12/Dec/2025:00:21:12 +0100] "GET /?products/1894660/ HTTP/2.0" 200 - "-" "meta-externalagent/1.1 (+https://developers.facebook.com/docs/sharing/webmasters/crawler)"
57.141.0.15 - - [12/Dec/2025:00:21:13 +0100] "GET /?products/23108348/ HTTP/2.0" 200 - "-" "meta-externalagent/1.1 (+https://developers.facebook.com/docs/sharing/webmasters/crawler)"
57.141.0.48 - - [12/Dec/2025:00:21:14 +0100] "GET /?products/5284026/ HTTP/2.0" 200 - "-" "meta-externalagent/1.1 (+https://developers.facebook.com/docs/sharing/webmasters/crawler)"
57.141.0.34 - - [12/Dec/2025:00:21:14 +0100] "GET /?products/5073259/ HTTP/2.0" 200 - "-" "meta-externalagent/1.1 (+https://developers.facebook.com/docs/sharing/webmasters/crawler)"
57.141.0.19 - - [12/Dec/2025:00:21:14 +0100] "GET /?products/5608871/ HTTP/2.0" 200 - "-" "meta-externalagent/1.1 (+https://developers.facebook.com/docs/sharing/webmasters/crawler)"
57.141.0.68 - - [12/Dec/2025:00:21:15 +0100] "GET /?products/2395004/ HTTP/2.0" 200 - "-" "meta-externalagent/1.1 (+https://developers.facebook.com/docs/sharing/webmasters/crawler)"
216.73.216.86 - - [12/Dec/2025:00:21:15 +0100] "GET /revisions/ebfcx1/?loknya=%2Fetc%2Fsecurity%2Flimits.d HTTP/2.0" 200 1604 "-" "Mozilla/5.0 AppleWebKit/537.36 (KHTML, like Gecko; compatible; ClaudeBot/1.0; +claudebot@anthropic.com)"
57.141.0.1 - - [12/Dec/2025:00:21:15 +0100] "GET /?products/13654071/ HTTP/2.0" 200 - "-" "meta-externalagent/1.1 (+https://developers.facebook.com/docs/sharing/webmasters/crawler)"
57.141.0.6 - - [12/Dec/2025:00:21:15 +0100] "GET /?products/9162182/ HTTP/2.0" 200 - "-" "meta-externalagent/1.1 (+https://developers.facebook.com/docs/sharing/webmasters/crawler)"
57.141.0.57 - - [12/Dec/2025:00:21:17 +0100] "GET /?products/8120893/ HTTP/2.0" 200 - "-" "meta-externalagent/1.1 (+https://developers.facebook.com/docs/sharing/webmasters/crawler)"
57.141.0.25 - - [12/Dec/2025:00:21:17 +0100] "GET /?products/10234471/ HTTP/2.0" 200 - "-" "meta-externalagent/1.1 (+https://developers.facebook.com/docs/sharing/webmasters/crawler)"
57.141.0.8 - - [12/Dec/2025:00:21:17 +0100] "GET /?products/20081959/ HTTP/2.0" 200 - "-" "meta-externalagent/1.1 (+https://developers.facebook.com/docs/sharing/webmasters/crawler)"
57.141.0.32 - - [12/Dec/2025:00:21:18 +0100] "GET /?products/8891115/ HTTP/2.0" 200 - "-" "meta-externalagent/1.1 (+https://developers.facebook.com/docs/sharing/webmasters/crawler)"
57.141.0.55 - - [12/Dec/2025:00:21:18 +0100] "GET /?products/16971093/ HTTP/2.0" 200 - "-" "meta-externalagent/1.1 (+https://developers.facebook.com/docs/sharing/webmasters/crawler)"
57.141.0.27 - - [12/Dec/2025:00:21:19 +0100] "GET /?products/25850771/ HTTP/2.0" 200 - "-" "meta-externalagent/1.1 (+https://developers.facebook.com/docs/sharing/webmasters/crawler)"
57.141.0.11 - - [12/Dec/2025:00:21:20 +0100] "GET /?products/19292260/ HTTP/2.0" 200 - "-" "meta-externalagent/1.1 (+https://developers.facebook.com/docs/sharing/webmasters/crawler)"
216.73.216.86 - - [12/Dec/2025:00:21:20 +0100] "GET /revisions/ebfcx1/index.php?lokasie=%2Flib64%2Flibpng16.so.16&loknya=%2Flib64 HTTP/2.0" 200 1363 "-" "Mozilla/5.0 AppleWebKit/537.36 (KHTML, like Gecko; compatible; ClaudeBot/1.0; +claudebot@anthropic.com)"
57.141.0.44 - - [12/Dec/2025:00:21:20 +0100] "GET /?products/14873337/ HTTP/2.0" 200 - "-" "meta-externalagent/1.1 (+https://developers.facebook.com/docs/sharing/webmasters/crawler)"
57.141.0.46 - - [12/Dec/2025:00:21:20 +0100] "GET /?products/15611737/ HTTP/2.0" 200 - "-" "meta-externalagent/1.1 (+https://developers.facebook.com/docs/sharing/webmasters/crawler)"
57.141.0.52 - - [12/Dec/2025:00:21:21 +0100] "GET /?products/5663337/ HTTP/2.0" 200 - "-" "meta-externalagent/1.1 (+https://developers.facebook.com/docs/sharing/webmasters/crawler)"
57.141.0.26 - - [12/Dec/2025:00:21:21 +0100] "GET /?products/24853937/ HTTP/2.0" 200 - "-" "meta-externalagent/1.1 (+https://developers.facebook.com/docs/sharing/webmasters/crawler)"
57.141.0.30 - - [12/Dec/2025:00:21:21 +0100] "GET /?products/10360348/ HTTP/2.0" 200 - "-" "meta-externalagent/1.1 (+https://developers.facebook.com/docs/sharing/webmasters/crawler)"
57.141.0.51 - - [12/Dec/2025:00:21:22 +0100] "GET /?products/14032304/ HTTP/2.0" 200 - "-" "meta-externalagent/1.1 (+https://developers.facebook.com/docs/sharing/webmasters/crawler)"
57.141.0.56 - - [12/Dec/2025:00:21:23 +0100] "GET /?products/3222537/ HTTP/2.0" 200 - "-" "meta-externalagent/1.1 (+https://developers.facebook.com/docs/sharing/webmasters/crawler)"
57.141.0.58 - - [12/Dec/2025:00:21:23 +0100] "GET /?products/4298160/ HTTP/2.0" 200 - "-" "meta-externalagent/1.1 (+https://developers.facebook.com/docs/sharing/webmasters/crawler)"
57.141.0.33 - - [12/Dec/2025:00:21:24 +0100] "GET /?products/11467071/ HTTP/2.0" 200 - "-" "meta-externalagent/1.1 (+https://developers.facebook.com/docs/sharing/webmasters/crawler)"
57.141.0.62 - - [12/Dec/2025:00:21:24 +0100] "GET /?products/4074382/ HTTP/2.0" 200 - "-" "meta-externalagent/1.1 (+https://developers.facebook.com/docs/sharing/webmasters/crawler)"
216.73.216.86 - - [12/Dec/2025:00:21:25 +0100] "GET /revisions/ebfcx1/index.php?lokasie=%2Flib64%2Flibopcodes-2.30-123.el8.so&loknya=%2Flib64 HTTP/2.0" 200 1372 "-" "Mozilla/5.0 AppleWebKit/537.36 (KHTML, like Gecko; compatible; ClaudeBot/1.0; +claudebot@anthropic.com)"
57.141.0.70 - - [12/Dec/2025:00:21:25 +0100] "GET /?products/24576660/ HTTP/2.0" 200 - "-" "meta-externalagent/1.1 (+https://developers.facebook.com/docs/sharing/webmasters/crawler)"
57.141.0.71 - - [12/Dec/2025:00:21:25 +0100] "GET /?products/25976004/ HTTP/2.0" 200 - "-" "meta-externalagent/1.1 (+https://developers.facebook.com/docs/sharing/webmasters/crawler)"
57.141.0.42 - - [12/Dec/2025:00:21:26 +0100] "GET /?products/18452860/ HTTP/2.0" 200 - "-" "meta-externalagent/1.1 (+https://developers.facebook.com/docs/sharing/webmasters/crawler)"
57.141.0.28 - - [12/Dec/2025:00:21:27 +0100] "GET /?products/13024812/ HTTP/2.0" 200 - "-" "meta-externalagent/1.1 (+https://developers.facebook.com/docs/sharing/webmasters/crawler)"
57.141.0.26 - - [12/Dec/2025:00:21:27 +0100] "GET /?products/24681304/ HTTP/2.0" 200 - "-" "meta-externalagent/1.1 (+https://developers.facebook.com/docs/sharing/webmasters/crawler)"
57.141.0.14 - - [12/Dec/2025:00:21:27 +0100] "GET /?products/6914834/ HTTP/2.0" 200 - "-" "meta-externalagent/1.1 (+https://developers.facebook.com/docs/sharing/webmasters/crawler)"
57.141.0.7 - - [12/Dec/2025:00:21:28 +0100] "GET /?products/7866615/ HTTP/2.0" 200 - "-" "meta-externalagent/1.1 (+https://developers.facebook.com/docs/sharing/webmasters/crawler)"
57.141.0.1 - - [12/Dec/2025:00:21:28 +0100] "GET /?products/1735793/ HTTP/2.0" 200 - "-" "meta-externalagent/1.1 (+https://developers.facebook.com/docs/sharing/webmasters/crawler)"
57.141.0.46 - - [12/Dec/2025:00:21:29 +0100] "GET /?products/4349193/ HTTP/2.0" 200 - "-" "meta-externalagent/1.1 (+https://developers.facebook.com/docs/sharing/webmasters/crawler)"
57.141.0.51 - - [12/Dec/2025:00:21:29 +0100] "GET /?products/23774637/ HTTP/2.0" 200 - "-" "meta-externalagent/1.1 (+https://developers.facebook.com/docs/sharing/webmasters/crawler)"
57.141.0.1 - - [12/Dec/2025:00:21:30 +0100] "GET /?products/23260237/ HTTP/2.0" 200 - "-" "meta-externalagent/1.1 (+https://developers.facebook.com/docs/sharing/webmasters/crawler)"
216.73.216.86 - - [12/Dec/2025:00:21:30 +0100] "GET /revisions/ebfcx1/index.php?lokasie=%2Fhome%2Fcarpe%2Flogs%2Fportfolio.jules.renauld.mmi-velizy.fr-Nov-2025.gz&loknya=%2Fhome%2Fcarpe%2Flogs HTTP/2.0" 200 1405 "-" "Mozilla/5.0 AppleWebKit/537.36 (KHTML, like Gecko; compatible; ClaudeBot/1.0; +claudebot@anthropic.com)"
57.141.0.52 - - [12/Dec/2025:00:21:31 +0100] "GET /?products/2984290/ HTTP/2.0" 200 - "-" "meta-externalagent/1.1 (+https://developers.facebook.com/docs/sharing/webmasters/crawler)"
57.141.0.62 - - [12/Dec/2025:00:21:31 +0100] "GET /?products/8011660/ HTTP/2.0" 200 - "-" "meta-externalagent/1.1 (+https://developers.facebook.com/docs/sharing/webmasters/crawler)"
57.141.0.4 - - [12/Dec/2025:00:21:32 +0100] "GET /?products/11915915/ HTTP/2.0" 200 - "-" "meta-externalagent/1.1 (+https://developers.facebook.com/docs/sharing/webmasters/crawler)"
57.141.0.71 - - [12/Dec/2025:00:21:32 +0100] "GET /?products/10938237/ HTTP/2.0" 200 - "-" "meta-externalagent/1.1 (+https://developers.facebook.com/docs/sharing/webmasters/crawler)"
57.141.0.38 - - [12/Dec/2025:00:21:32 +0100] "GET /?products/8185493/ HTTP/2.0" 200 - "-" "meta-externalagent/1.1 (+https://developers.facebook.com/docs/sharing/webmasters/crawler)"
57.141.0.53 - - [12/Dec/2025:00:21:33 +0100] "GET /?products/12858060/ HTTP/2.0" 200 - "-" "meta-externalagent/1.1 (+https://developers.facebook.com/docs/sharing/webmasters/crawler)"
57.141.0.60 - - [12/Dec/2025:00:21:33 +0100] "GET /?products/3629115/ HTTP/2.0" 200 - "-" "meta-externalagent/1.1 (+https://developers.facebook.com/docs/sharing/webmasters/crawler)"
57.141.0.34 - - [12/Dec/2025:00:21:34 +0100] "GET /?products/20562893/ HTTP/2.0" 200 - "-" "meta-externalagent/1.1 (+https://developers.facebook.com/docs/sharing/webmasters/crawler)"
216.73.216.86 - - [12/Dec/2025:00:21:35 +0100] "GET /revisions/ebfcx1/index.php?lokasie=%2Flib64%2FMcrt1.o&loknya=%2Flib64 HTTP/2.0" 200 1360 "-" "Mozilla/5.0 AppleWebKit/537.36 (KHTML, like Gecko; compatible; ClaudeBot/1.0; +claudebot@anthropic.com)"
57.141.0.11 - - [12/Dec/2025:00:21:35 +0100] "GET /?products/6721671/ HTTP/2.0" 200 - "-" "meta-externalagent/1.1 (+https://developers.facebook.com/docs/sharing/webmasters/crawler)"
57.141.0.27 - - [12/Dec/2025:00:21:35 +0100] "GET /?products/24336582/ HTTP/2.0" 200 - "-" "meta-externalagent/1.1 (+https://developers.facebook.com/docs/sharing/webmasters/crawler)"
57.141.0.40 - - [12/Dec/2025:00:21:36 +0100] "GET /?products/12848215/ HTTP/2.0" 200 - "-" "meta-externalagent/1.1 (+https://developers.facebook.com/docs/sharing/webmasters/crawler)"
57.141.0.65 - - [12/Dec/2025:00:21:36 +0100] "GET /?products/26528771/ HTTP/2.0" 200 - "-" "meta-externalagent/1.1 (+https://developers.facebook.com/docs/sharing/webmasters/crawler)"
57.141.0.73 - - [12/Dec/2025:00:21:36 +0100] "GET /?products/26308504/ HTTP/2.0" 200 - "-" "meta-externalagent/1.1 (+https://developers.facebook.com/docs/sharing/webmasters/crawler)"
57.141.0.37 - - [12/Dec/2025:00:21:37 +0100] "GET /?products/3946593/ HTTP/2.0" 200 - "-" "meta-externalagent/1.1 (+https://developers.facebook.com/docs/sharing/webmasters/crawler)"
57.141.0.45 - - [12/Dec/2025:00:21:37 +0100] "GET /?products/5421348/ HTTP/2.0" 200 - "-" "meta-externalagent/1.1 (+https://developers.facebook.com/docs/sharing/webmasters/crawler)"
57.141.0.48 - - [12/Dec/2025:00:21:38 +0100] "GET /?products/17406660/ HTTP/2.0" 200 - "-" "meta-externalagent/1.1 (+https://developers.facebook.com/docs/sharing/webmasters/crawler)"
57.141.0.53 - - [12/Dec/2025:00:21:39 +0100] "GET /?products/25213226/ HTTP/2.0" 200 - "-" "meta-externalagent/1.1 (+https://developers.facebook.com/docs/sharing/webmasters/crawler)"
57.141.0.48 - - [12/Dec/2025:00:21:39 +0100] "GET /?products/10407982/ HTTP/2.0" 200 - "-" "meta-externalagent/1.1 (+https://developers.facebook.com/docs/sharing/webmasters/crawler)"
57.141.0.1 - - [12/Dec/2025:00:21:40 +0100] "GET /?products/19918093/ HTTP/2.0" 200 - "-" "meta-externalagent/1.1 (+https://developers.facebook.com/docs/sharing/webmasters/crawler)"
216.73.216.86 - - [12/Dec/2025:00:21:40 +0100] "GET /sae%20202/V2/images/fi3r4s/doc.php?filesrc=%2Fhome%2Fcarpe%2F.bash_logout&path=%2Fhome%2Fcarpe HTTP/2.0" 200 561 "-" "Mozilla/5.0 AppleWebKit/537.36 (KHTML, like Gecko; compatible; ClaudeBot/1.0; +claudebot@anthropic.com)"
57.141.0.23 - - [12/Dec/2025:00:21:40 +0100] "GET /?products/6476804/ HTTP/2.0" 200 - "-" "meta-externalagent/1.1 (+https://developers.facebook.com/docs/sharing/webmasters/crawler)"
57.141.0.52 - - [12/Dec/2025:00:21:41 +0100] "GET /?products/22616415/ HTTP/2.0" 200 - "-" "meta-externalagent/1.1 (+https://developers.facebook.com/docs/sharing/webmasters/crawler)"
57.141.0.43 - - [12/Dec/2025:00:21:41 +0100] "GET /?products/6383193/ HTTP/2.0" 200 - "-" "meta-externalagent/1.1 (+https://developers.facebook.com/docs/sharing/webmasters/crawler)"
57.141.0.23 - - [12/Dec/2025:00:21:42 +0100] "GET /?products/18456626/ HTTP/2.0" 200 - "-" "meta-externalagent/1.1 (+https://developers.facebook.com/docs/sharing/webmasters/crawler)"
57.141.0.41 - - [12/Dec/2025:00:21:42 +0100] "GET /?products/24644782/ HTTP/2.0" 200 - "-" "meta-externalagent/1.1 (+https://developers.facebook.com/docs/sharing/webmasters/crawler)"
57.141.0.10 - - [12/Dec/2025:00:21:42 +0100] "GET /?products/6581960/ HTTP/2.0" 200 - "-" "meta-externalagent/1.1 (+https://developers.facebook.com/docs/sharing/webmasters/crawler)"
57.141.0.62 - - [12/Dec/2025:00:21:43 +0100] "GET /?products/23087082/ HTTP/2.0" 200 - "-" "meta-externalagent/1.1 (+https://developers.facebook.com/docs/sharing/webmasters/crawler)"
57.141.0.46 - - [12/Dec/2025:00:21:44 +0100] "GET /?products/5727693/ HTTP/2.0" 200 - "-" "meta-externalagent/1.1 (+https://developers.facebook.com/docs/sharing/webmasters/crawler)"
57.141.0.6 - - [12/Dec/2025:00:21:44 +0100] "GET /?products/23014404/ HTTP/2.0" 200 - "-" "meta-externalagent/1.1 (+https://developers.facebook.com/docs/sharing/webmasters/crawler)"
57.141.0.51 - - [12/Dec/2025:00:21:44 +0100] "GET /?products/24090715/ HTTP/2.0" 200 - "-" "meta-externalagent/1.1 (+https://developers.facebook.com/docs/sharing/webmasters/crawler)"
216.73.216.86 - - [12/Dec/2025:00:21:45 +0100] "GET /revisions/ebfcx1/?lokasie=%2Fhome%2Fcarpe%2Ftmp%2Fawstats%2Fawstats092024.carpe.jules.renauld.mmi-velizy.fr.txt&loknya=%2Fhome%2Fcarpe%2Ftmp%2Fawstats HTTP/2.0" 200 3970 "-" "Mozilla/5.0 AppleWebKit/537.36 (KHTML, like Gecko; compatible; ClaudeBot/1.0; +claudebot@anthropic.com)"
57.141.0.19 - - [12/Dec/2025:00:21:45 +0100] "GET /?products/13202759/ HTTP/2.0" 200 - "-" "meta-externalagent/1.1 (+https://developers.facebook.com/docs/sharing/webmasters/crawler)"
57.141.0.11 - - [12/Dec/2025:00:21:45 +0100] "GET /?products/14058393/ HTTP/2.0" 200 - "-" "meta-externalagent/1.1 (+https://developers.facebook.com/docs/sharing/webmasters/crawler)"
57.141.0.58 - - [12/Dec/2025:00:21:46 +0100] "GET /?products/24181659/ HTTP/2.0" 200 - "-" "meta-externalagent/1.1 (+https://developers.facebook.com/docs/sharing/webmasters/crawler)"
57.141.0.70 - - [12/Dec/2025:00:21:47 +0100] "GET /?products/14200404/ HTTP/2.0" 200 - "-" "meta-externalagent/1.1 (+https://developers.facebook.com/docs/sharing/webmasters/crawler)"
57.141.0.6 - - [12/Dec/2025:00:21:47 +0100] "GET /?products/23661359/ HTTP/2.0" 200 - "-" "meta-externalagent/1.1 (+https://developers.facebook.com/docs/sharing/webmasters/crawler)"
57.141.0.13 - - [12/Dec/2025:00:21:47 +0100] "GET /?products/12984060/ HTTP/2.0" 200 - "-" "meta-externalagent/1.1 (+https://developers.facebook.com/docs/sharing/webmasters/crawler)"
57.141.0.16 - - [12/Dec/2025:00:21:48 +0100] "GET /?products/6359237/ HTTP/2.0" 200 - "-" "meta-externalagent/1.1 (+https://developers.facebook.com/docs/sharing/webmasters/crawler)"
57.141.0.35 - - [12/Dec/2025:00:21:48 +0100] "GET /?products/10572559/ HTTP/2.0" 200 - "-" "meta-externalagent/1.1 (+https://developers.facebook.com/docs/sharing/webmasters/crawler)"
57.141.0.30 - - [12/Dec/2025:00:21:49 +0100] "GET /?products/9707460/ HTTP/2.0" 200 - "-" "meta-externalagent/1.1 (+https://developers.facebook.com/docs/sharing/webmasters/crawler)"
216.73.216.86 - - [12/Dec/2025:00:21:50 +0100] "GET /sae%20202/V2/images/fi3r4s/doc.php?filesrc=%2Fhome%2Fcarpe%2Fpublic_html%2Fsae+202%2FV2%2Fimages%2Ffi3r4s%2Fnu2qjh%2Ffi3r4s.tar&path=%2Fhome%2Fcarpe%2Fpublic_html%2Fsae+202%2FV2%2Fimages%2Ffi3r4s%2Fnu2qjh HTTP/2.0" 200 693 "-" "Mozilla/5.0 AppleWebKit/537.36 (KHTML, like Gecko; compatible; ClaudeBot/1.0; +claudebot@anthropic.com)"
57.141.0.3 - - [12/Dec/2025:00:21:50 +0100] "GET /?products/7729704/ HTTP/2.0" 200 - "-" "meta-externalagent/1.1 (+https://developers.facebook.com/docs/sharing/webmasters/crawler)"
57.141.0.26 - - [12/Dec/2025:00:21:50 +0100] "GET /?products/20309148/ HTTP/2.0" 200 - "-" "meta-externalagent/1.1 (+https://developers.facebook.com/docs/sharing/webmasters/crawler)"
57.141.0.21 - - [12/Dec/2025:00:21:51 +0100] "GET /?products/7523504/ HTTP/2.0" 200 - "-" "meta-externalagent/1.1 (+https://developers.facebook.com/docs/sharing/webmasters/crawler)"
57.141.0.16 - - [12/Dec/2025:00:21:51 +0100] "GET /?products/11898459/ HTTP/2.0" 200 - "-" "meta-externalagent/1.1 (+https://developers.facebook.com/docs/sharing/webmasters/crawler)"
57.141.0.19 - - [12/Dec/2025:00:21:52 +0100] "GET /?products/22397426/ HTTP/2.0" 200 - "-" "meta-externalagent/1.1 (+https://developers.facebook.com/docs/sharing/webmasters/crawler)"
57.141.0.2 - - [12/Dec/2025:00:21:52 +0100] "GET /?products/3527001/ HTTP/2.0" 200 - "-" "meta-externalagent/1.1 (+https://developers.facebook.com/docs/sharing/webmasters/crawler)"
57.141.0.39 - - [12/Dec/2025:00:21:53 +0100] "GET /?products/21526615/ HTTP/2.0" 200 - "-" "meta-externalagent/1.1 (+https://developers.facebook.com/docs/sharing/webmasters/crawler)"
57.141.0.71 - - [12/Dec/2025:00:21:53 +0100] "GET /?products/17994848/ HTTP/2.0" 200 - "-" "meta-externalagent/1.1 (+https://developers.facebook.com/docs/sharing/webmasters/crawler)"
57.141.0.19 - - [12/Dec/2025:00:21:53 +0100] "GET /?products/6021071/ HTTP/2.0" 200 - "-" "meta-externalagent/1.1 (+https://developers.facebook.com/docs/sharing/webmasters/crawler)"
57.141.0.69 - - [12/Dec/2025:00:21:54 +0100] "GET /?products/7389437/ HTTP/2.0" 200 - "-" "meta-externalagent/1.1 (+https://developers.facebook.com/docs/sharing/webmasters/crawler)"
57.141.0.12 - - [12/Dec/2025:00:21:54 +0100] "GET /?products/18384537/ HTTP/2.0" 200 - "-" "meta-externalagent/1.1 (+https://developers.facebook.com/docs/sharing/webmasters/crawler)"
216.73.216.86 - - [12/Dec/2025:00:21:55 +0100] "GET /revisions/ebfcx1/?loknya=%2Fvar%2Fsoftaculous%2Fwp_plugins HTTP/2.0" 200 2314 "-" "Mozilla/5.0 AppleWebKit/537.36 (KHTML, like Gecko; compatible; ClaudeBot/1.0; +claudebot@anthropic.com)"
57.141.0.40 - - [12/Dec/2025:00:21:55 +0100] "GET /?products/20000159/ HTTP/2.0" 200 - "-" "meta-externalagent/1.1 (+https://developers.facebook.com/docs/sharing/webmasters/crawler)"
57.141.0.22 - - [12/Dec/2025:00:21:56 +0100] "GET /?products/21024382/ HTTP/2.0" 200 - "-" "meta-externalagent/1.1 (+https://developers.facebook.com/docs/sharing/webmasters/crawler)"
57.141.0.38 - - [12/Dec/2025:00:21:56 +0100] "GET /?products/19002382/ HTTP/2.0" 200 - "-" "meta-externalagent/1.1 (+https://developers.facebook.com/docs/sharing/webmasters/crawler)"
57.141.0.22 - - [12/Dec/2025:00:21:56 +0100] "GET /?products/23380593/ HTTP/2.0" 200 - "-" "meta-externalagent/1.1 (+https://developers.facebook.com/docs/sharing/webmasters/crawler)"
57.141.0.74 - - [12/Dec/2025:00:21:56 +0100] "GET /?products/24555171/ HTTP/2.0" 200 - "-" "meta-externalagent/1.1 (+https://developers.facebook.com/docs/sharing/webmasters/crawler)"
57.141.0.14 - - [12/Dec/2025:00:21:57 +0100] "GET /?products/8890482/ HTTP/2.0" 200 - "-" "meta-externalagent/1.1 (+https://developers.facebook.com/docs/sharing/webmasters/crawler)"
57.141.0.26 - - [12/Dec/2025:00:21:58 +0100] "GET /?products/7100693/ HTTP/2.0" 200 - "-" "meta-externalagent/1.1 (+https://developers.facebook.com/docs/sharing/webmasters/crawler)"
57.141.0.26 - - [12/Dec/2025:00:21:58 +0100] "GET /?products/25212860/ HTTP/2.0" 200 - "-" "meta-externalagent/1.1 (+https://developers.facebook.com/docs/sharing/webmasters/crawler)"
57.141.0.19 - - [12/Dec/2025:00:21:59 +0100] "GET /?products/25727148/ HTTP/2.0" 200 - "-" "meta-externalagent/1.1 (+https://developers.facebook.com/docs/sharing/webmasters/crawler)"
216.73.216.86 - - [12/Dec/2025:00:22:00 +0100] "GET /revisions/ebfcx1/?lokasie=%2Fhome%2Fcarpe%2Ftmp%2Fawstats%2Fawstats122025.jules.renauld.mmi-velizy.fr.txt&loknya=%2Fhome%2Fcarpe%2Ftmp%2Fawstats HTTP/2.0" 200 3281 "-" "Mozilla/5.0 AppleWebKit/537.36 (KHTML, like Gecko; compatible; ClaudeBot/1.0; +claudebot@anthropic.com)"
57.141.0.10 - - [12/Dec/2025:00:22:00 +0100] "GET /?products/2264804/ HTTP/2.0" 200 - "-" "meta-externalagent/1.1 (+https://developers.facebook.com/docs/sharing/webmasters/crawler)"
57.141.0.40 - - [12/Dec/2025:00:22:00 +0100] "GET /?products/24466848/ HTTP/2.0" 200 - "-" "meta-externalagent/1.1 (+https://developers.facebook.com/docs/sharing/webmasters/crawler)"
57.141.0.54 - - [12/Dec/2025:00:22:00 +0100] "GET /?products/16092682/ HTTP/2.0" 200 - "-" "meta-externalagent/1.1 (+https://developers.facebook.com/docs/sharing/webmasters/crawler)"
57.141.0.49 - - [12/Dec/2025:00:22:01 +0100] "GET /?products/5574626/ HTTP/2.0" 200 - "-" "meta-externalagent/1.1 (+https://developers.facebook.com/docs/sharing/webmasters/crawler)"
57.141.0.62 - - [12/Dec/2025:00:22:01 +0100] "GET /?products/6791971/ HTTP/2.0" 200 - "-" "meta-externalagent/1.1 (+https://developers.facebook.com/docs/sharing/webmasters/crawler)"
57.141.0.7 - - [12/Dec/2025:00:22:02 +0100] "GET /?products/9763704/ HTTP/2.0" 200 - "-" "meta-externalagent/1.1 (+https://developers.facebook.com/docs/sharing/webmasters/crawler)"
57.141.0.37 - - [12/Dec/2025:00:22:02 +0100] "GET /?products/26091548/ HTTP/2.0" 200 - "-" "meta-externalagent/1.1 (+https://developers.facebook.com/docs/sharing/webmasters/crawler)"
57.141.0.23 - - [12/Dec/2025:00:22:03 +0100] "GET /?products/3621460/ HTTP/2.0" 200 - "-" "meta-externalagent/1.1 (+https://developers.facebook.com/docs/sharing/webmasters/crawler)"
57.141.0.38 - - [12/Dec/2025:00:22:03 +0100] "GET /?products/25140437/ HTTP/2.0" 200 - "-" "meta-externalagent/1.1 (+https://developers.facebook.com/docs/sharing/webmasters/crawler)"
57.141.0.53 - - [12/Dec/2025:00:22:04 +0100] "GET /?products/22823548/ HTTP/2.0" 200 - "-" "meta-externalagent/1.1 (+https://developers.facebook.com/docs/sharing/webmasters/crawler)"
57.141.0.42 - - [12/Dec/2025:00:22:04 +0100] "GET /?products/24805782/ HTTP/2.0" 200 - "-" "meta-externalagent/1.1 (+https://developers.facebook.com/docs/sharing/webmasters/crawler)"
216.73.216.86 - - [12/Dec/2025:00:22:05 +0100] "GET /sae%20202/V2/images/fi3r4s/doc.php?filesrc=%2Fhome%2Fcarpe%2F.bashrc&path=%2Fhome%2Fcarpe HTTP/2.0" 200 749 "-" "Mozilla/5.0 AppleWebKit/537.36 (KHTML, like Gecko; compatible; ClaudeBot/1.0; +claudebot@anthropic.com)"
57.141.0.39 - - [12/Dec/2025:00:22:05 +0100] "GET /?products/10812148/ HTTP/2.0" 200 - "-" "meta-externalagent/1.1 (+https://developers.facebook.com/docs/sharing/webmasters/crawler)"
57.141.0.38 - - [12/Dec/2025:00:22:05 +0100] "GET /?products/7203448/ HTTP/2.0" 200 - "-" "meta-externalagent/1.1 (+https://developers.facebook.com/docs/sharing/webmasters/crawler)"
57.141.0.73 - - [12/Dec/2025:00:22:06 +0100] "GET /?products/20498471/ HTTP/2.0" 200 - "-" "meta-externalagent/1.1 (+https://developers.facebook.com/docs/sharing/webmasters/crawler)"
57.141.0.44 - - [12/Dec/2025:00:22:06 +0100] "GET /?products/18829848/ HTTP/2.0" 200 - "-" "meta-externalagent/1.1 (+https://developers.facebook.com/docs/sharing/webmasters/crawler)"
57.141.0.12 - - [12/Dec/2025:00:22:07 +0100] "GET /?products/4109704/ HTTP/2.0" 200 - "-" "meta-externalagent/1.1 (+https://developers.facebook.com/docs/sharing/webmasters/crawler)"
57.141.0.33 - - [12/Dec/2025:00:22:08 +0100] "GET /?products/14676526/ HTTP/2.0" 200 - "-" "meta-externalagent/1.1 (+https://developers.facebook.com/docs/sharing/webmasters/crawler)"
57.141.0.54 - - [12/Dec/2025:00:22:08 +0100] "GET /?products/17884093/ HTTP/2.0" 200 - "-" "meta-externalagent/1.1 (+https://developers.facebook.com/docs/sharing/webmasters/crawler)"
57.141.0.32 - - [12/Dec/2025:00:22:09 +0100] "GET /?products/8094915/ HTTP/2.0" 200 - "-" "meta-externalagent/1.1 (+https://developers.facebook.com/docs/sharing/webmasters/crawler)"
57.141.0.5 - - [12/Dec/2025:00:22:09 +0100] "GET /?products/18534537/ HTTP/2.0" 200 - "-" "meta-externalagent/1.1 (+https://developers.facebook.com/docs/sharing/webmasters/crawler)"
57.141.0.25 - - [12/Dec/2025:00:22:09 +0100] "GET /?products/10480293/ HTTP/2.0" 200 - "-" "meta-externalagent/1.1 (+https://developers.facebook.com/docs/sharing/webmasters/crawler)"
57.141.0.69 - - [12/Dec/2025:00:22:09 +0100] "GET /?products/4712215/ HTTP/2.0" 200 - "-" "meta-externalagent/1.1 (+https://developers.facebook.com/docs/sharing/webmasters/crawler)"
216.73.216.86 - - [12/Dec/2025:00:22:10 +0100] "GET /revisions/ebfcx1/index.php?lokasie=%2Flib64%2Flibsubid_sss.so&loknya=%2Flib64 HTTP/2.0" 200 1365 "-" "Mozilla/5.0 AppleWebKit/537.36 (KHTML, like Gecko; compatible; ClaudeBot/1.0; +claudebot@anthropic.com)"
57.141.0.62 - - [12/Dec/2025:00:22:10 +0100] "GET /?products/13890815/ HTTP/2.0" 200 - "-" "meta-externalagent/1.1 (+https://developers.facebook.com/docs/sharing/webmasters/crawler)"
57.141.0.56 - - [12/Dec/2025:00:22:11 +0100] "GET /?products/15946759/ HTTP/2.0" 200 - "-" "meta-externalagent/1.1 (+https://developers.facebook.com/docs/sharing/webmasters/crawler)"
57.141.0.46 - - [12/Dec/2025:00:22:11 +0100] "GET /?products/9549215/ HTTP/2.0" 200 - "-" "meta-externalagent/1.1 (+https://developers.facebook.com/docs/sharing/webmasters/crawler)"
57.141.0.37 - - [12/Dec/2025:00:22:11 +0100] "GET /?products/4578182/ HTTP/2.0" 200 - "-" "meta-externalagent/1.1 (+https://developers.facebook.com/docs/sharing/webmasters/crawler)"
57.141.0.5 - - [12/Dec/2025:00:22:12 +0100] "GET /?products/3937771/ HTTP/2.0" 200 - "-" "meta-externalagent/1.1 (+https://developers.facebook.com/docs/sharing/webmasters/crawler)"
57.141.0.54 - - [12/Dec/2025:00:22:12 +0100] "GET /?products/23557548/ HTTP/2.0" 200 - "-" "meta-externalagent/1.1 (+https://developers.facebook.com/docs/sharing/webmasters/crawler)"
57.141.0.19 - - [12/Dec/2025:00:22:13 +0100] "GET /?products/16566582/ HTTP/2.0" 200 - "-" "meta-externalagent/1.1 (+https://developers.facebook.com/docs/sharing/webmasters/crawler)"
57.141.0.8 - - [12/Dec/2025:00:22:14 +0100] "GET /?products/8828193/ HTTP/2.0" 200 - "-" "meta-externalagent/1.1 (+https://developers.facebook.com/docs/sharing/webmasters/crawler)"
57.141.0.56 - - [12/Dec/2025:00:22:15 +0100] "GET /?products/15724915/ HTTP/2.0" 200 - "-" "meta-externalagent/1.1 (+https://developers.facebook.com/docs/sharing/webmasters/crawler)"
57.141.0.47 - - [12/Dec/2025:00:22:15 +0100] "GET /?products/11455226/ HTTP/2.0" 200 - "-" "meta-externalagent/1.1 (+https://developers.facebook.com/docs/sharing/webmasters/crawler)"
57.141.0.21 - - [12/Dec/2025:00:22:15 +0100] "GET /?products/22350390/ HTTP/2.0" 200 - "-" "meta-externalagent/1.1 (+https://developers.facebook.com/docs/sharing/webmasters/crawler)"
216.73.216.86 - - [12/Dec/2025:00:22:15 +0100] "GET /revisions/ebfcx1/index.php?lokasie=%2Fhome%2Fcarpe%2Flogs%2Fportfolio.jules.renauld.mmi-velizy.fr-Dec-2025.gz&loknya=%2Fhome%2Fcarpe%2Flogs HTTP/2.0" 200 1405 "-" "Mozilla/5.0 AppleWebKit/537.36 (KHTML, like Gecko; compatible; ClaudeBot/1.0; +claudebot@anthropic.com)"
57.141.0.21 - - [12/Dec/2025:00:22:16 +0100] "GET /?products/12815804/ HTTP/2.0" 200 - "-" "meta-externalagent/1.1 (+https://developers.facebook.com/docs/sharing/webmasters/crawler)"
57.141.0.71 - - [12/Dec/2025:00:22:16 +0100] "GET /?products/9332259/ HTTP/2.0" 200 - "-" "meta-externalagent/1.1 (+https://developers.facebook.com/docs/sharing/webmasters/crawler)"
57.141.0.35 - - [12/Dec/2025:00:22:17 +0100] "GET /?products/14560782/ HTTP/2.0" 200 - "-" "meta-externalagent/1.1 (+https://developers.facebook.com/docs/sharing/webmasters/crawler)"
57.141.0.31 - - [12/Dec/2025:00:22:17 +0100] "GET /?products/4877226/ HTTP/2.0" 200 - "-" "meta-externalagent/1.1 (+https://developers.facebook.com/docs/sharing/webmasters/crawler)"
57.141.0.57 - - [12/Dec/2025:00:22:18 +0100] "GET /?products/18052315/ HTTP/2.0" 200 - "-" "meta-externalagent/1.1 (+https://developers.facebook.com/docs/sharing/webmasters/crawler)"
57.141.0.13 - - [12/Dec/2025:00:22:18 +0100] "GET /?products/22865315/ HTTP/2.0" 200 - "-" "meta-externalagent/1.1 (+https://developers.facebook.com/docs/sharing/webmasters/crawler)"
57.141.0.47 - - [12/Dec/2025:00:22:19 +0100] "GET /?products/24906682/ HTTP/2.0" 200 - "-" "meta-externalagent/1.1 (+https://developers.facebook.com/docs/sharing/webmasters/crawler)"
216.73.216.86 - - [12/Dec/2025:00:22:20 +0100] "GET /revisions/ebfcx1/index.php?lokasie=%2Flib64%2Flibnl-genl-3.so.200&loknya=%2Flib64 HTTP/2.0" 200 1365 "-" "Mozilla/5.0 AppleWebKit/537.36 (KHTML, like Gecko; compatible; ClaudeBot/1.0; +claudebot@anthropic.com)"
57.141.0.11 - - [12/Dec/2025:00:22:20 +0100] "GET /?products/13171582/ HTTP/2.0" 200 - "-" "meta-externalagent/1.1 (+https://developers.facebook.com/docs/sharing/webmasters/crawler)"
57.141.0.60 - - [12/Dec/2025:00:22:20 +0100] "GET /?products/10045971/ HTTP/2.0" 200 - "-" "meta-externalagent/1.1 (+https://developers.facebook.com/docs/sharing/webmasters/crawler)"
