57.141.0.3 - - [12/Dec/2025:00:26:45 +0100] "GET /?products/26298978/ HTTP/2.0" 200 - "-" "meta-externalagent/1.1 (+https://developers.facebook.com/docs/sharing/webmasters/crawler)"
57.141.0.60 - - [12/Dec/2025:00:26:46 +0100] "GET /?products/6585634/ HTTP/2.0" 200 - "-" "meta-externalagent/1.1 (+https://developers.facebook.com/docs/sharing/webmasters/crawler)"
57.141.0.58 - - [12/Dec/2025:00:26:46 +0100] "GET /?products/15734971/ HTTP/2.0" 200 - "-" "meta-externalagent/1.1 (+https://developers.facebook.com/docs/sharing/webmasters/crawler)"
57.141.0.13 - - [12/Dec/2025:00:26:46 +0100] "GET /?products/7615971/ HTTP/2.0" 200 - "-" "meta-externalagent/1.1 (+https://developers.facebook.com/docs/sharing/webmasters/crawler)"
57.141.0.65 - - [12/Dec/2025:00:26:47 +0100] "GET /?products/2348937/ HTTP/2.0" 200 - "-" "meta-externalagent/1.1 (+https://developers.facebook.com/docs/sharing/webmasters/crawler)"
57.141.0.70 - - [12/Dec/2025:00:26:47 +0100] "GET /?products/26223371/ HTTP/2.0" 200 - "-" "meta-externalagent/1.1 (+https://developers.facebook.com/docs/sharing/webmasters/crawler)"
57.141.0.40 - - [12/Dec/2025:00:26:48 +0100] "GET /?products/1745737/ HTTP/2.0" 200 - "-" "meta-externalagent/1.1 (+https://developers.facebook.com/docs/sharing/webmasters/crawler)"
57.141.0.21 - - [12/Dec/2025:00:26:48 +0100] "GET /?products/10186348/ HTTP/2.0" 200 - "-" "meta-externalagent/1.1 (+https://developers.facebook.com/docs/sharing/webmasters/crawler)"
57.141.0.51 - - [12/Dec/2025:00:26:49 +0100] "GET /?products/18093360/ HTTP/2.0" 200 - "-" "meta-externalagent/1.1 (+https://developers.facebook.com/docs/sharing/webmasters/crawler)"
216.73.216.86 - - [12/Dec/2025:00:26:49 +0100] "GET /revisions/ebfcx1/?lokasie=%2Fhome%2Fcarpe%2Fsave%2Fwp%2Fwp-admin%2Fnetwork%2Fsite-themes.php&loknya=%2Fhome%2Fcarpe%2Fsave%2Fwp%2Fwp-admin%2Fnetwork HTTP/2.0" 200 3511 "-" "Mozilla/5.0 AppleWebKit/537.36 (KHTML, like Gecko; compatible; ClaudeBot/1.0; +claudebot@anthropic.com)"
57.141.0.41 - - [12/Dec/2025:00:26:49 +0100] "GET /?products/5441359/ HTTP/2.0" 200 - "-" "meta-externalagent/1.1 (+https://developers.facebook.com/docs/sharing/webmasters/crawler)"
57.141.0.41 - - [12/Dec/2025:00:26:50 +0100] "GET /?products/19859482/ HTTP/2.0" 200 - "-" "meta-externalagent/1.1 (+https://developers.facebook.com/docs/sharing/webmasters/crawler)"
57.141.0.7 - - [12/Dec/2025:00:26:50 +0100] "GET /?products/14720137/ HTTP/2.0" 200 - "-" "meta-externalagent/1.1 (+https://developers.facebook.com/docs/sharing/webmasters/crawler)"
57.141.0.4 - - [12/Dec/2025:00:26:51 +0100] "GET /?products/18944048/ HTTP/2.0" 200 - "-" "meta-externalagent/1.1 (+https://developers.facebook.com/docs/sharing/webmasters/crawler)"
57.141.0.30 - - [12/Dec/2025:00:26:51 +0100] "GET /?products/1934760/ HTTP/2.0" 200 - "-" "meta-externalagent/1.1 (+https://developers.facebook.com/docs/sharing/webmasters/crawler)"
57.141.0.25 - - [12/Dec/2025:00:26:52 +0100] "GET /?products/15277126/ HTTP/2.0" 200 - "-" "meta-externalagent/1.1 (+https://developers.facebook.com/docs/sharing/webmasters/crawler)"
57.141.0.34 - - [12/Dec/2025:00:26:52 +0100] "GET /?products/12922748/ HTTP/2.0" 200 - "-" "meta-externalagent/1.1 (+https://developers.facebook.com/docs/sharing/webmasters/crawler)"
57.141.0.48 - - [12/Dec/2025:00:26:52 +0100] "GET /?products/13979959/ HTTP/2.0" 200 - "-" "meta-externalagent/1.1 (+https://developers.facebook.com/docs/sharing/webmasters/crawler)"
57.141.0.58 - - [12/Dec/2025:00:26:53 +0100] "GET /?products/25830259/ HTTP/2.0" 200 - "-" "meta-externalagent/1.1 (+https://developers.facebook.com/docs/sharing/webmasters/crawler)"
57.141.0.43 - - [12/Dec/2025:00:26:54 +0100] "GET /?products/15481437/ HTTP/2.0" 200 - "-" "meta-externalagent/1.1 (+https://developers.facebook.com/docs/sharing/webmasters/crawler)"
57.141.0.31 - - [12/Dec/2025:00:26:54 +0100] "GET /?products/22235359/ HTTP/2.0" 200 - "-" "meta-externalagent/1.1 (+https://developers.facebook.com/docs/sharing/webmasters/crawler)"
216.73.216.86 - - [12/Dec/2025:00:26:54 +0100] "GET /revisions/ebfcx1/?lokasie=%2Flib64%2Fpython2.7%2F%2Fpyclbr.py&loknya=%2Flib64%2Fpython2.7%2F HTTP/2.0" 200 4924 "-" "Mozilla/5.0 AppleWebKit/537.36 (KHTML, like Gecko; compatible; ClaudeBot/1.0; +claudebot@anthropic.com)"
57.141.0.34 - - [12/Dec/2025:00:26:55 +0100] "GET /?products/13572793/ HTTP/2.0" 200 - "-" "meta-externalagent/1.1 (+https://developers.facebook.com/docs/sharing/webmasters/crawler)"
57.141.0.36 - - [12/Dec/2025:00:26:55 +0100] "GET /?products/15093601/ HTTP/2.0" 200 - "-" "meta-externalagent/1.1 (+https://developers.facebook.com/docs/sharing/webmasters/crawler)"
57.141.0.24 - - [12/Dec/2025:00:26:56 +0100] "GET /?products/9105093/ HTTP/2.0" 200 - "-" "meta-externalagent/1.1 (+https://developers.facebook.com/docs/sharing/webmasters/crawler)"
57.141.0.14 - - [12/Dec/2025:00:26:56 +0100] "GET /?products/15251437/ HTTP/2.0" 200 - "-" "meta-externalagent/1.1 (+https://developers.facebook.com/docs/sharing/webmasters/crawler)"
57.141.0.18 - - [12/Dec/2025:00:26:57 +0100] "GET /?products/8399971/ HTTP/2.0" 200 - "-" "meta-externalagent/1.1 (+https://developers.facebook.com/docs/sharing/webmasters/crawler)"
57.141.0.36 - - [12/Dec/2025:00:26:58 +0100] "GET /?products/4757571/ HTTP/2.0" 200 - "-" "meta-externalagent/1.1 (+https://developers.facebook.com/docs/sharing/webmasters/crawler)"
57.141.0.48 - - [12/Dec/2025:00:26:57 +0100] "GET /?sitemap447.xml HTTP/2.0" 200 159820 "-" "meta-externalagent/1.1 (+https://developers.facebook.com/docs/sharing/webmasters/crawler)"
57.141.0.20 - - [12/Dec/2025:00:26:58 +0100] "GET /?products/26038382/ HTTP/2.0" 200 - "-" "meta-externalagent/1.1 (+https://developers.facebook.com/docs/sharing/webmasters/crawler)"
57.141.0.40 - - [12/Dec/2025:00:26:59 +0100] "GET /?products/12308601/ HTTP/2.0" 200 - "-" "meta-externalagent/1.1 (+https://developers.facebook.com/docs/sharing/webmasters/crawler)"
57.141.0.50 - - [12/Dec/2025:00:26:59 +0100] "GET /?products/3764582/ HTTP/2.0" 200 - "-" "meta-externalagent/1.1 (+https://developers.facebook.com/docs/sharing/webmasters/crawler)"
216.73.216.86 - - [12/Dec/2025:00:26:59 +0100] "GET /revisions/ebfcx1/?lokasie=%2Flib64%2Fpython2.7%2F%2Fstat.pyc&loknya=%2Flib64%2Fpython2.7%2F HTTP/2.0" 200 1371 "-" "Mozilla/5.0 AppleWebKit/537.36 (KHTML, like Gecko; compatible; ClaudeBot/1.0; +claudebot@anthropic.com)"
57.141.0.51 - - [12/Dec/2025:00:26:59 +0100] "GET /?products/19734626/ HTTP/2.0" 200 - "-" "meta-externalagent/1.1 (+https://developers.facebook.com/docs/sharing/webmasters/crawler)"
57.141.0.49 - - [12/Dec/2025:00:27:01 +0100] "GET /?products/6317656/ HTTP/2.0" 200 - "-" "meta-externalagent/1.1 (+https://developers.facebook.com/docs/sharing/webmasters/crawler)"
57.141.0.50 - - [12/Dec/2025:00:27:01 +0100] "GET /?products/8242982/ HTTP/2.0" 200 - "-" "meta-externalagent/1.1 (+https://developers.facebook.com/docs/sharing/webmasters/crawler)"
57.141.0.43 - - [12/Dec/2025:00:27:01 +0100] "GET /?products/15229348/ HTTP/2.0" 200 - "-" "meta-externalagent/1.1 (+https://developers.facebook.com/docs/sharing/webmasters/crawler)"
57.141.0.60 - - [12/Dec/2025:00:27:02 +0100] "GET /?products/4141160/ HTTP/2.0" 200 - "-" "meta-externalagent/1.1 (+https://developers.facebook.com/docs/sharing/webmasters/crawler)"
57.141.0.51 - - [12/Dec/2025:00:27:02 +0100] "GET /?products/24631582/ HTTP/2.0" 200 - "-" "meta-externalagent/1.1 (+https://developers.facebook.com/docs/sharing/webmasters/crawler)"
57.141.0.18 - - [12/Dec/2025:00:27:03 +0100] "GET /?products/21435326/ HTTP/2.0" 200 - "-" "meta-externalagent/1.1 (+https://developers.facebook.com/docs/sharing/webmasters/crawler)"
57.141.0.34 - - [12/Dec/2025:00:27:04 +0100] "GET /?products/21575659/ HTTP/2.0" 200 - "-" "meta-externalagent/1.1 (+https://developers.facebook.com/docs/sharing/webmasters/crawler)"
57.141.0.49 - - [12/Dec/2025:00:27:04 +0100] "GET /?products/2343582/ HTTP/2.0" 200 - "-" "meta-externalagent/1.1 (+https://developers.facebook.com/docs/sharing/webmasters/crawler)"
57.141.0.42 - - [12/Dec/2025:00:27:04 +0100] "GET /?products/7372393/ HTTP/2.0" 200 - "-" "meta-externalagent/1.1 (+https://developers.facebook.com/docs/sharing/webmasters/crawler)"
216.73.216.86 - - [12/Dec/2025:00:27:04 +0100] "GET /revisions/ebfcx1/?lokasie=%2Fusr%2Fshare%2Flibtool%2Flt__argz.c&loknya=%2Fusr%2Fshare%2Flibtool HTTP/2.0" 200 3618 "-" "Mozilla/5.0 AppleWebKit/537.36 (KHTML, like Gecko; compatible; ClaudeBot/1.0; +claudebot@anthropic.com)"
57.141.0.23 - - [12/Dec/2025:00:27:05 +0100] "GET /?products/4886945/ HTTP/2.0" 200 - "-" "meta-externalagent/1.1 (+https://developers.facebook.com/docs/sharing/webmasters/crawler)"
57.141.0.49 - - [12/Dec/2025:00:27:05 +0100] "GET /?products/3152660/ HTTP/2.0" 200 - "-" "meta-externalagent/1.1 (+https://developers.facebook.com/docs/sharing/webmasters/crawler)"
57.141.0.52 - - [12/Dec/2025:00:27:06 +0100] "GET /?products/10786537/ HTTP/2.0" 200 - "-" "meta-externalagent/1.1 (+https://developers.facebook.com/docs/sharing/webmasters/crawler)"
57.141.0.57 - - [12/Dec/2025:00:27:06 +0100] "GET /?products/4433715/ HTTP/2.0" 200 - "-" "meta-externalagent/1.1 (+https://developers.facebook.com/docs/sharing/webmasters/crawler)"
57.141.0.66 - - [12/Dec/2025:00:27:07 +0100] "GET /?products/10095026/ HTTP/2.0" 200 - "-" "meta-externalagent/1.1 (+https://developers.facebook.com/docs/sharing/webmasters/crawler)"
57.141.0.19 - - [12/Dec/2025:00:27:07 +0100] "GET /?products/1953037/ HTTP/2.0" 200 - "-" "meta-externalagent/1.1 (+https://developers.facebook.com/docs/sharing/webmasters/crawler)"
57.141.0.33 - - [12/Dec/2025:00:27:08 +0100] "GET /?products/21492193/ HTTP/2.0" 200 - "-" "meta-externalagent/1.1 (+https://developers.facebook.com/docs/sharing/webmasters/crawler)"
57.141.0.24 - - [12/Dec/2025:00:27:08 +0100] "GET /?products/4836237/ HTTP/2.0" 200 - "-" "meta-externalagent/1.1 (+https://developers.facebook.com/docs/sharing/webmasters/crawler)"
57.141.0.17 - - [12/Dec/2025:00:27:09 +0100] "GET /?products/1946504/ HTTP/2.0" 200 - "-" "meta-externalagent/1.1 (+https://developers.facebook.com/docs/sharing/webmasters/crawler)"
57.141.0.13 - - [12/Dec/2025:00:27:09 +0100] "GET /?products/19130860/ HTTP/2.0" 200 - "-" "meta-externalagent/1.1 (+https://developers.facebook.com/docs/sharing/webmasters/crawler)"
216.73.216.86 - - [12/Dec/2025:00:27:09 +0100] "GET /revisions/ebfcx1/?lokasie=%2Fhome%2Fcarpe%2Fsave%2Fwp%2Fwp-admin%2Fincludes%2Fmedia.php&loknya=%2Fhome%2Fcarpe%2Fsave%2Fwp%2Fwp-admin%2Fincludes HTTP/2.0" 200 28914 "-" "Mozilla/5.0 AppleWebKit/537.36 (KHTML, like Gecko; compatible; ClaudeBot/1.0; +claudebot@anthropic.com)"
57.141.0.41 - - [12/Dec/2025:00:27:10 +0100] "GET /?products/16928815/ HTTP/2.0" 200 - "-" "meta-externalagent/1.1 (+https://developers.facebook.com/docs/sharing/webmasters/crawler)"
57.141.0.20 - - [12/Dec/2025:00:27:11 +0100] "GET /?products/2189493/ HTTP/2.0" 200 - "-" "meta-externalagent/1.1 (+https://developers.facebook.com/docs/sharing/webmasters/crawler)"
57.141.0.71 - - [12/Dec/2025:00:27:11 +0100] "GET /?products/25861426/ HTTP/2.0" 200 - "-" "meta-externalagent/1.1 (+https://developers.facebook.com/docs/sharing/webmasters/crawler)"
57.141.0.33 - - [12/Dec/2025:00:27:11 +0100] "GET /?products/2435837/ HTTP/2.0" 200 - "-" "meta-externalagent/1.1 (+https://developers.facebook.com/docs/sharing/webmasters/crawler)"
57.141.0.6 - - [12/Dec/2025:00:27:11 +0100] "GET /?products/26284693/ HTTP/2.0" 200 - "-" "meta-externalagent/1.1 (+https://developers.facebook.com/docs/sharing/webmasters/crawler)"
57.141.0.62 - - [12/Dec/2025:00:27:12 +0100] "GET /?products/24864082/ HTTP/2.0" 200 - "-" "meta-externalagent/1.1 (+https://developers.facebook.com/docs/sharing/webmasters/crawler)"
57.141.0.35 - - [12/Dec/2025:00:27:13 +0100] "GET /?products/11619337/ HTTP/2.0" 200 - "-" "meta-externalagent/1.1 (+https://developers.facebook.com/docs/sharing/webmasters/crawler)"
57.141.0.42 - - [12/Dec/2025:00:27:13 +0100] "GET /?products/8139182/ HTTP/2.0" 200 - "-" "meta-externalagent/1.1 (+https://developers.facebook.com/docs/sharing/webmasters/crawler)"
57.141.0.35 - - [12/Dec/2025:00:27:14 +0100] "GET /?products/26262104/ HTTP/2.0" 200 - "-" "meta-externalagent/1.1 (+https://developers.facebook.com/docs/sharing/webmasters/crawler)"
216.73.216.86 - - [12/Dec/2025:00:27:14 +0100] "GET /revisions/ebfcx1/?lokasie=%2Fusr%2Finclude%2Fregex.h&loknya=%2Fusr%2Finclude HTTP/2.0" 200 9050 "-" "Mozilla/5.0 AppleWebKit/537.36 (KHTML, like Gecko; compatible; ClaudeBot/1.0; +claudebot@anthropic.com)"
57.141.0.5 - - [12/Dec/2025:00:27:15 +0100] "GET /?products/24549982/ HTTP/2.0" 200 - "-" "meta-externalagent/1.1 (+https://developers.facebook.com/docs/sharing/webmasters/crawler)"
57.141.0.46 - - [12/Dec/2025:00:27:15 +0100] "GET /?products/18928260/ HTTP/2.0" 200 - "-" "meta-externalagent/1.1 (+https://developers.facebook.com/docs/sharing/webmasters/crawler)"
57.141.0.55 - - [12/Dec/2025:00:27:15 +0100] "GET /?products/22139860/ HTTP/2.0" 200 - "-" "meta-externalagent/1.1 (+https://developers.facebook.com/docs/sharing/webmasters/crawler)"
57.141.0.73 - - [12/Dec/2025:00:27:16 +0100] "GET /?products/7374448/ HTTP/2.0" 200 - "-" "meta-externalagent/1.1 (+https://developers.facebook.com/docs/sharing/webmasters/crawler)"
57.141.0.49 - - [12/Dec/2025:00:27:16 +0100] "GET /?products/19223393/ HTTP/2.0" 200 - "-" "meta-externalagent/1.1 (+https://developers.facebook.com/docs/sharing/webmasters/crawler)"
57.141.0.62 - - [12/Dec/2025:00:27:16 +0100] "GET /?products/26338937/ HTTP/2.0" 200 - "-" "meta-externalagent/1.1 (+https://developers.facebook.com/docs/sharing/webmasters/crawler)"
57.141.0.70 - - [12/Dec/2025:00:27:18 +0100] "GET /?products/6585115/ HTTP/2.0" 200 - "-" "meta-externalagent/1.1 (+https://developers.facebook.com/docs/sharing/webmasters/crawler)"
57.141.0.36 - - [12/Dec/2025:00:27:18 +0100] "GET /?products/8126237/ HTTP/2.0" 200 - "-" "meta-externalagent/1.1 (+https://developers.facebook.com/docs/sharing/webmasters/crawler)"
57.141.0.5 - - [12/Dec/2025:00:27:18 +0100] "GET /?products/15092915/ HTTP/2.0" 200 - "-" "meta-externalagent/1.1 (+https://developers.facebook.com/docs/sharing/webmasters/crawler)"
57.141.0.26 - - [12/Dec/2025:00:27:19 +0100] "GET /?products/7313060/ HTTP/2.0" 200 - "-" "meta-externalagent/1.1 (+https://developers.facebook.com/docs/sharing/webmasters/crawler)"
57.141.0.50 - - [12/Dec/2025:00:27:19 +0100] "GET /?products/10750567/ HTTP/2.0" 200 - "-" "meta-externalagent/1.1 (+https://developers.facebook.com/docs/sharing/webmasters/crawler)"
216.73.216.86 - - [12/Dec/2025:00:27:19 +0100] "GET /revisions/ebfcx1/?lokasie=%2Fhome%2Fcarpe%2Fportfolio.jules.renauld.mmi-velizy.fr%2Fwp-includes%2Fjs%2Fwp-api.js&loknya=%2Fhome%2Fcarpe%2Fportfolio.jules.renauld.mmi-velizy.fr%2Fwp-includes%2Fjs HTTP/2.0" 200 11906 "-" "Mozilla/5.0 AppleWebKit/537.36 (KHTML, like Gecko; compatible; ClaudeBot/1.0; +claudebot@anthropic.com)"
57.141.0.26 - - [12/Dec/2025:00:27:20 +0100] "GET /?products/13210593/ HTTP/2.0" 200 - "-" "meta-externalagent/1.1 (+https://developers.facebook.com/docs/sharing/webmasters/crawler)"
57.141.0.8 - - [12/Dec/2025:00:27:20 +0100] "GET /?products/22007834/ HTTP/2.0" 200 - "-" "meta-externalagent/1.1 (+https://developers.facebook.com/docs/sharing/webmasters/crawler)"
57.141.0.68 - - [12/Dec/2025:00:27:21 +0100] "GET /?products/10924671/ HTTP/2.0" 200 - "-" "meta-externalagent/1.1 (+https://developers.facebook.com/docs/sharing/webmasters/crawler)"
57.141.0.58 - - [12/Dec/2025:00:27:21 +0100] "GET /?products/4681182/ HTTP/2.0" 200 - "-" "meta-externalagent/1.1 (+https://developers.facebook.com/docs/sharing/webmasters/crawler)"
57.141.0.16 - - [12/Dec/2025:00:27:22 +0100] "GET /?products/23823371/ HTTP/2.0" 200 - "-" "meta-externalagent/1.1 (+https://developers.facebook.com/docs/sharing/webmasters/crawler)"
57.141.0.20 - - [12/Dec/2025:00:27:22 +0100] "GET /?products/25745448/ HTTP/2.0" 200 - "-" "meta-externalagent/1.1 (+https://developers.facebook.com/docs/sharing/webmasters/crawler)"
57.141.0.13 - - [12/Dec/2025:00:27:22 +0100] "GET /?products/17208271/ HTTP/2.0" 200 - "-" "meta-externalagent/1.1 (+https://developers.facebook.com/docs/sharing/webmasters/crawler)"
57.141.0.46 - - [12/Dec/2025:00:27:23 +0100] "GET /?products/20085448/ HTTP/2.0" 200 - "-" "meta-externalagent/1.1 (+https://developers.facebook.com/docs/sharing/webmasters/crawler)"
57.141.0.5 - - [12/Dec/2025:00:27:24 +0100] "GET /?products/13191360/ HTTP/2.0" 200 - "-" "meta-externalagent/1.1 (+https://developers.facebook.com/docs/sharing/webmasters/crawler)"
57.141.0.17 - - [12/Dec/2025:00:27:24 +0100] "GET /?products/7417604/ HTTP/2.0" 200 - "-" "meta-externalagent/1.1 (+https://developers.facebook.com/docs/sharing/webmasters/crawler)"
216.73.216.86 - - [12/Dec/2025:00:27:24 +0100] "GET /revisions/ebfcx1/?lokasie=%2Flib64%2Fpython2.7%2F%2Fcalendar.py&loknya=%2Flib64%2Fpython2.7%2F HTTP/2.0" 200 6979 "-" "Mozilla/5.0 AppleWebKit/537.36 (KHTML, like Gecko; compatible; ClaudeBot/1.0; +claudebot@anthropic.com)"
57.141.0.26 - - [12/Dec/2025:00:27:25 +0100] "GET /?products/11622982/ HTTP/2.0" 200 - "-" "meta-externalagent/1.1 (+https://developers.facebook.com/docs/sharing/webmasters/crawler)"
57.141.0.55 - - [12/Dec/2025:00:27:25 +0100] "GET /?products/26289148/ HTTP/2.0" 200 - "-" "meta-externalagent/1.1 (+https://developers.facebook.com/docs/sharing/webmasters/crawler)"
57.141.0.5 - - [12/Dec/2025:00:27:26 +0100] "GET /?products/23744193/ HTTP/2.0" 200 - "-" "meta-externalagent/1.1 (+https://developers.facebook.com/docs/sharing/webmasters/crawler)"
57.141.0.35 - - [12/Dec/2025:00:27:26 +0100] "GET /?products/26210501/ HTTP/2.0" 200 - "-" "meta-externalagent/1.1 (+https://developers.facebook.com/docs/sharing/webmasters/crawler)"
57.141.0.42 - - [12/Dec/2025:00:27:27 +0100] "GET /?products/3282026/ HTTP/2.0" 200 - "-" "meta-externalagent/1.1 (+https://developers.facebook.com/docs/sharing/webmasters/crawler)"
57.141.0.27 - - [12/Dec/2025:00:27:27 +0100] "GET /?products/14016959/ HTTP/2.0" 200 - "-" "meta-externalagent/1.1 (+https://developers.facebook.com/docs/sharing/webmasters/crawler)"
57.141.0.65 - - [12/Dec/2025:00:27:29 +0100] "GET /?products/17161915/ HTTP/2.0" 200 - "-" "meta-externalagent/1.1 (+https://developers.facebook.com/docs/sharing/webmasters/crawler)"
57.141.0.7 - - [12/Dec/2025:00:27:29 +0100] "GET /?products/26348548/ HTTP/2.0" 200 - "-" "meta-externalagent/1.1 (+https://developers.facebook.com/docs/sharing/webmasters/crawler)"
57.141.0.33 - - [12/Dec/2025:00:27:29 +0100] "GET /?products/22927367/ HTTP/2.0" 200 - "-" "meta-externalagent/1.1 (+https://developers.facebook.com/docs/sharing/webmasters/crawler)"
57.141.0.13 - - [12/Dec/2025:00:27:29 +0100] "GET /?products/11388904/ HTTP/2.0" 200 - "-" "meta-externalagent/1.1 (+https://developers.facebook.com/docs/sharing/webmasters/crawler)"
216.73.216.86 - - [12/Dec/2025:00:27:29 +0100] "GET /revisions/ebfcx1/?lokasie=%2Flib64%2Fpython2.7%2F%2Fsmtpd.py&loknya=%2Flib64%2Fpython2.7%2F HTTP/2.0" 200 6838 "-" "Mozilla/5.0 AppleWebKit/537.36 (KHTML, like Gecko; compatible; ClaudeBot/1.0; +claudebot@anthropic.com)"
57.141.0.56 - - [12/Dec/2025:00:27:29 +0100] "GET /?products/20817682/ HTTP/2.0" 200 - "-" "meta-externalagent/1.1 (+https://developers.facebook.com/docs/sharing/webmasters/crawler)"
57.141.0.47 - - [12/Dec/2025:00:27:30 +0100] "GET /?products/12024748/ HTTP/2.0" 200 - "-" "meta-externalagent/1.1 (+https://developers.facebook.com/docs/sharing/webmasters/crawler)"
57.141.0.5 - - [12/Dec/2025:00:27:31 +0100] "GET /?products/9260526/ HTTP/2.0" 200 - "-" "meta-externalagent/1.1 (+https://developers.facebook.com/docs/sharing/webmasters/crawler)"
57.141.0.15 - - [12/Dec/2025:00:27:31 +0100] "GET /?products/3429726/ HTTP/2.0" 200 - "-" "meta-externalagent/1.1 (+https://developers.facebook.com/docs/sharing/webmasters/crawler)"
57.141.0.43 - - [12/Dec/2025:00:27:32 +0100] "GET /?products/5542537/ HTTP/2.0" 200 - "-" "meta-externalagent/1.1 (+https://developers.facebook.com/docs/sharing/webmasters/crawler)"
57.141.0.18 - - [12/Dec/2025:00:27:32 +0100] "GET /?products/18832859/ HTTP/2.0" 200 - "-" "meta-externalagent/1.1 (+https://developers.facebook.com/docs/sharing/webmasters/crawler)"
57.141.0.72 - - [12/Dec/2025:00:27:33 +0100] "GET /?products/5401204/ HTTP/2.0" 200 - "-" "meta-externalagent/1.1 (+https://developers.facebook.com/docs/sharing/webmasters/crawler)"
57.141.0.26 - - [12/Dec/2025:00:27:34 +0100] "GET /?products/12866859/ HTTP/2.0" 200 - "-" "meta-externalagent/1.1 (+https://developers.facebook.com/docs/sharing/webmasters/crawler)"
57.141.0.9 - - [12/Dec/2025:00:27:34 +0100] "GET /?products/11797637/ HTTP/2.0" 200 - "-" "meta-externalagent/1.1 (+https://developers.facebook.com/docs/sharing/webmasters/crawler)"
216.73.216.86 - - [12/Dec/2025:00:27:34 +0100] "GET /revisions/ebfcx1/index.php?lokasie=%2Fhome%2Fcarpe%2Fpublic_html%2FSae+302%2F%2Fmissd1.mov&loknya=%2Fhome%2Fcarpe%2Fpublic_html%2FSae+302%2F HTTP/2.0" 200 1393 "-" "Mozilla/5.0 AppleWebKit/537.36 (KHTML, like Gecko; compatible; ClaudeBot/1.0; +claudebot@anthropic.com)"
57.141.0.19 - - [12/Dec/2025:00:27:34 +0100] "GET /?products/21992826/ HTTP/2.0" 200 - "-" "meta-externalagent/1.1 (+https://developers.facebook.com/docs/sharing/webmasters/crawler)"
57.141.0.18 - - [12/Dec/2025:00:27:35 +0100] "GET /?products/7278159/ HTTP/2.0" 200 - "-" "meta-externalagent/1.1 (+https://developers.facebook.com/docs/sharing/webmasters/crawler)"
57.141.0.18 - - [12/Dec/2025:00:27:35 +0100] "GET /?products/13681193/ HTTP/2.0" 200 - "-" "meta-externalagent/1.1 (+https://developers.facebook.com/docs/sharing/webmasters/crawler)"
57.141.0.55 - - [12/Dec/2025:00:27:36 +0100] "GET /?products/4564089/ HTTP/2.0" 200 - "-" "meta-externalagent/1.1 (+https://developers.facebook.com/docs/sharing/webmasters/crawler)"
57.141.0.19 - - [12/Dec/2025:00:27:36 +0100] "GET /?products/8026026/ HTTP/2.0" 200 - "-" "meta-externalagent/1.1 (+https://developers.facebook.com/docs/sharing/webmasters/crawler)"
57.141.0.57 - - [12/Dec/2025:00:27:37 +0100] "GET /?products/19691226/ HTTP/2.0" 200 - "-" "meta-externalagent/1.1 (+https://developers.facebook.com/docs/sharing/webmasters/crawler)"
57.141.0.1 - - [12/Dec/2025:00:27:37 +0100] "GET /?products/18352848/ HTTP/2.0" 200 - "-" "meta-externalagent/1.1 (+https://developers.facebook.com/docs/sharing/webmasters/crawler)"
57.141.0.40 - - [12/Dec/2025:00:27:38 +0100] "GET /?products/25039726/ HTTP/2.0" 200 - "-" "meta-externalagent/1.1 (+https://developers.facebook.com/docs/sharing/webmasters/crawler)"
57.141.0.38 - - [12/Dec/2025:00:27:39 +0100] "GET /?products/1930023/ HTTP/2.0" 200 - "-" "meta-externalagent/1.1 (+https://developers.facebook.com/docs/sharing/webmasters/crawler)"
57.141.0.62 - - [12/Dec/2025:00:27:39 +0100] "GET /?products/25319348/ HTTP/2.0" 200 - "-" "meta-externalagent/1.1 (+https://developers.facebook.com/docs/sharing/webmasters/crawler)"
57.141.0.9 - - [12/Dec/2025:00:27:39 +0100] "GET /?products/26107048/ HTTP/2.0" 200 - "-" "meta-externalagent/1.1 (+https://developers.facebook.com/docs/sharing/webmasters/crawler)"
216.73.216.86 - - [12/Dec/2025:00:27:39 +0100] "GET /revisions/ebfcx1/?lokasie=%2Flib%2Frpm%2Fplatform%2Fia64-linux%2Fmacros&loknya=%2Flib%2Frpm%2Fplatform%2Fia64-linux HTTP/2.0" 200 2471 "-" "Mozilla/5.0 AppleWebKit/537.36 (KHTML, like Gecko; compatible; ClaudeBot/1.0; +claudebot@anthropic.com)"
57.141.0.58 - - [12/Dec/2025:00:27:40 +0100] "GET /?products/7251626/ HTTP/2.0" 200 - "-" "meta-externalagent/1.1 (+https://developers.facebook.com/docs/sharing/webmasters/crawler)"
57.141.0.35 - - [12/Dec/2025:00:27:40 +0100] "GET /?products/23082304/ HTTP/2.0" 200 - "-" "meta-externalagent/1.1 (+https://developers.facebook.com/docs/sharing/webmasters/crawler)"
57.141.0.58 - - [12/Dec/2025:00:27:40 +0100] "GET /?products/14606904/ HTTP/2.0" 200 - "-" "meta-externalagent/1.1 (+https://developers.facebook.com/docs/sharing/webmasters/crawler)"
57.141.0.15 - - [12/Dec/2025:00:27:41 +0100] "GET /?products/14467212/ HTTP/2.0" 200 - "-" "meta-externalagent/1.1 (+https://developers.facebook.com/docs/sharing/webmasters/crawler)"
57.141.0.54 - - [12/Dec/2025:00:27:42 +0100] "GET /?products/22370959/ HTTP/2.0" 200 - "-" "meta-externalagent/1.1 (+https://developers.facebook.com/docs/sharing/webmasters/crawler)"
57.141.0.21 - - [12/Dec/2025:00:27:42 +0100] "GET /?products/21637515/ HTTP/2.0" 200 - "-" "meta-externalagent/1.1 (+https://developers.facebook.com/docs/sharing/webmasters/crawler)"
57.141.0.9 - - [12/Dec/2025:00:27:43 +0100] "GET /?products/24706515/ HTTP/2.0" 200 - "-" "meta-externalagent/1.1 (+https://developers.facebook.com/docs/sharing/webmasters/crawler)"
57.141.0.42 - - [12/Dec/2025:00:27:44 +0100] "GET /?products/6755367/ HTTP/2.0" 200 - "-" "meta-externalagent/1.1 (+https://developers.facebook.com/docs/sharing/webmasters/crawler)"
57.141.0.47 - - [12/Dec/2025:00:27:44 +0100] "GET /?products/25363148/ HTTP/2.0" 200 - "-" "meta-externalagent/1.1 (+https://developers.facebook.com/docs/sharing/webmasters/crawler)"
216.73.216.86 - - [12/Dec/2025:00:27:44 +0100] "GET /revisions/ebfcx1/?lokasie=%2Flib64%2Fpython2.7%2F%2Fxmllib.py&loknya=%2Flib64%2Fpython2.7%2F HTTP/2.0" 200 9002 "-" "Mozilla/5.0 AppleWebKit/537.36 (KHTML, like Gecko; compatible; ClaudeBot/1.0; +claudebot@anthropic.com)"
57.141.0.44 - - [12/Dec/2025:00:27:45 +0100] "GET /?products/12438560/ HTTP/2.0" 200 - "-" "meta-externalagent/1.1 (+https://developers.facebook.com/docs/sharing/webmasters/crawler)"
57.141.0.28 - - [12/Dec/2025:00:27:45 +0100] "GET /?products/8239382/ HTTP/2.0" 200 - "-" "meta-externalagent/1.1 (+https://developers.facebook.com/docs/sharing/webmasters/crawler)"
57.141.0.43 - - [12/Dec/2025:00:27:45 +0100] "GET /?products/21467171/ HTTP/2.0" 200 - "-" "meta-externalagent/1.1 (+https://developers.facebook.com/docs/sharing/webmasters/crawler)"
57.141.0.34 - - [12/Dec/2025:00:27:46 +0100] "GET /?products/8490371/ HTTP/2.0" 200 - "-" "meta-externalagent/1.1 (+https://developers.facebook.com/docs/sharing/webmasters/crawler)"
57.141.0.42 - - [12/Dec/2025:00:27:46 +0100] "GET /?products/6291104/ HTTP/2.0" 200 - "-" "meta-externalagent/1.1 (+https://developers.facebook.com/docs/sharing/webmasters/crawler)"
57.141.0.41 - - [12/Dec/2025:00:27:47 +0100] "GET /?products/18170993/ HTTP/2.0" 200 - "-" "meta-externalagent/1.1 (+https://developers.facebook.com/docs/sharing/webmasters/crawler)"
57.141.0.5 - - [12/Dec/2025:00:27:47 +0100] "GET /?products/18629948/ HTTP/2.0" 200 - "-" "meta-externalagent/1.1 (+https://developers.facebook.com/docs/sharing/webmasters/crawler)"
57.141.0.35 - - [12/Dec/2025:00:27:48 +0100] "GET /?products/4090871/ HTTP/2.0" 200 - "-" "meta-externalagent/1.1 (+https://developers.facebook.com/docs/sharing/webmasters/crawler)"
57.141.0.65 - - [12/Dec/2025:00:27:48 +0100] "GET /?products/24147326/ HTTP/2.0" 200 - "-" "meta-externalagent/1.1 (+https://developers.facebook.com/docs/sharing/webmasters/crawler)"
57.141.0.14 - - [12/Dec/2025:00:27:48 +0100] "GET /?products/8200237/ HTTP/2.0" 200 - "-" "meta-externalagent/1.1 (+https://developers.facebook.com/docs/sharing/webmasters/crawler)"
57.141.0.1 - - [12/Dec/2025:00:27:49 +0100] "GET /?products/3059515/ HTTP/2.0" 200 - "-" "meta-externalagent/1.1 (+https://developers.facebook.com/docs/sharing/webmasters/crawler)"
216.73.216.86 - - [12/Dec/2025:00:27:49 +0100] "GET /revisions/ebfcx1/?lokasie=%2Fusr%2Finclude%2Fgd_color_map.h&loknya=%2Fusr%2Finclude HTTP/2.0" 200 1604 "-" "Mozilla/5.0 AppleWebKit/537.36 (KHTML, like Gecko; compatible; ClaudeBot/1.0; +claudebot@anthropic.com)"
57.141.0.69 - - [12/Dec/2025:00:27:50 +0100] "GET /?products/19864993/ HTTP/2.0" 200 - "-" "meta-externalagent/1.1 (+https://developers.facebook.com/docs/sharing/webmasters/crawler)"
57.141.0.69 - - [12/Dec/2025:00:27:50 +0100] "GET /?products/21719426/ HTTP/2.0" 200 - "-" "meta-externalagent/1.1 (+https://developers.facebook.com/docs/sharing/webmasters/crawler)"
57.141.0.20 - - [12/Dec/2025:00:27:51 +0100] "GET /?products/6397660/ HTTP/2.0" 200 - "-" "meta-externalagent/1.1 (+https://developers.facebook.com/docs/sharing/webmasters/crawler)"
57.141.0.12 - - [12/Dec/2025:00:27:51 +0100] "GET /?products/15542615/ HTTP/2.0" 200 - "-" "meta-externalagent/1.1 (+https://developers.facebook.com/docs/sharing/webmasters/crawler)"
57.141.0.2 - - [12/Dec/2025:00:27:51 +0100] "GET /?products/3711193/ HTTP/2.0" 200 - "-" "meta-externalagent/1.1 (+https://developers.facebook.com/docs/sharing/webmasters/crawler)"
57.141.0.56 - - [12/Dec/2025:00:27:52 +0100] "GET /?products/13128937/ HTTP/2.0" 200 - "-" "meta-externalagent/1.1 (+https://developers.facebook.com/docs/sharing/webmasters/crawler)"
57.141.0.50 - - [12/Dec/2025:00:27:53 +0100] "GET /?products/8861348/ HTTP/2.0" 200 - "-" "meta-externalagent/1.1 (+https://developers.facebook.com/docs/sharing/webmasters/crawler)"
57.141.0.71 - - [12/Dec/2025:00:27:53 +0100] "GET /?products/23600348/ HTTP/2.0" 200 - "-" "meta-externalagent/1.1 (+https://developers.facebook.com/docs/sharing/webmasters/crawler)"
57.141.0.35 - - [12/Dec/2025:00:27:53 +0100] "GET /?products/15006237/ HTTP/2.0" 200 - "-" "meta-externalagent/1.1 (+https://developers.facebook.com/docs/sharing/webmasters/crawler)"
216.73.216.86 - - [12/Dec/2025:00:27:54 +0100] "GET /revisions/ebfcx1/?lokasie=%2Fusr%2Finclude%2Fvalues.h&loknya=%2Fusr%2Finclude HTTP/2.0" 200 2192 "-" "Mozilla/5.0 AppleWebKit/537.36 (KHTML, like Gecko; compatible; ClaudeBot/1.0; +claudebot@anthropic.com)"
57.141.0.14 - - [12/Dec/2025:00:27:55 +0100] "GET /?products/23546548/ HTTP/2.0" 200 - "-" "meta-externalagent/1.1 (+https://developers.facebook.com/docs/sharing/webmasters/crawler)"
57.141.0.72 - - [12/Dec/2025:00:27:55 +0100] "GET /?products/23165893/ HTTP/2.0" 200 - "-" "meta-externalagent/1.1 (+https://developers.facebook.com/docs/sharing/webmasters/crawler)"
57.141.0.3 - - [12/Dec/2025:00:27:56 +0100] "GET /?products/21121437/ HTTP/2.0" 200 - "-" "meta-externalagent/1.1 (+https://developers.facebook.com/docs/sharing/webmasters/crawler)"
57.141.0.10 - - [12/Dec/2025:00:27:56 +0100] "GET /?products/12855382/ HTTP/2.0" 200 - "-" "meta-externalagent/1.1 (+https://developers.facebook.com/docs/sharing/webmasters/crawler)"
57.141.0.23 - - [12/Dec/2025:00:27:57 +0100] "GET /?products/16627415/ HTTP/2.0" 200 - "-" "meta-externalagent/1.1 (+https://developers.facebook.com/docs/sharing/webmasters/crawler)"
57.141.0.18 - - [12/Dec/2025:00:27:57 +0100] "GET /?products/14929848/ HTTP/2.0" 200 - "-" "meta-externalagent/1.1 (+https://developers.facebook.com/docs/sharing/webmasters/crawler)"
57.141.0.7 - - [12/Dec/2025:00:27:58 +0100] "GET /?products/13273693/ HTTP/2.0" 200 - "-" "meta-externalagent/1.1 (+https://developers.facebook.com/docs/sharing/webmasters/crawler)"
57.141.0.24 - - [12/Dec/2025:00:27:58 +0100] "GET /?products/5858037/ HTTP/2.0" 200 - "-" "meta-externalagent/1.1 (+https://developers.facebook.com/docs/sharing/webmasters/crawler)"
57.141.0.42 - - [12/Dec/2025:00:27:59 +0100] "GET /?products/16831915/ HTTP/2.0" 200 - "-" "meta-externalagent/1.1 (+https://developers.facebook.com/docs/sharing/webmasters/crawler)"
57.141.0.11 - - [12/Dec/2025:00:27:59 +0100] "GET /?products/2238348/ HTTP/2.0" 200 - "-" "meta-externalagent/1.1 (+https://developers.facebook.com/docs/sharing/webmasters/crawler)"
57.141.0.74 - - [12/Dec/2025:00:27:59 +0100] "GET /?products/23399515/ HTTP/2.0" 200 - "-" "meta-externalagent/1.1 (+https://developers.facebook.com/docs/sharing/webmasters/crawler)"
216.73.216.86 - - [12/Dec/2025:00:27:59 +0100] "GET /revisions/ebfcx1/?lokasie=%2Fusr%2Fshare%2Flibgpg-error%2Ferrorref.txt&loknya=%2Fusr%2Fshare%2Flibgpg-error HTTP/2.0" 200 11475 "-" "Mozilla/5.0 AppleWebKit/537.36 (KHTML, like Gecko; compatible; ClaudeBot/1.0; +claudebot@anthropic.com)"
57.141.0.62 - - [12/Dec/2025:00:28:00 +0100] "GET /?products/26069960/ HTTP/2.0" 200 - "-" "meta-externalagent/1.1 (+https://developers.facebook.com/docs/sharing/webmasters/crawler)"
57.141.0.33 - - [12/Dec/2025:00:28:00 +0100] "GET /?products/23306026/ HTTP/2.0" 200 - "-" "meta-externalagent/1.1 (+https://developers.facebook.com/docs/sharing/webmasters/crawler)"
57.141.0.38 - - [12/Dec/2025:00:28:00 +0100] "GET /?products/26369848/ HTTP/2.0" 200 - "-" "meta-externalagent/1.1 (+https://developers.facebook.com/docs/sharing/webmasters/crawler)"
57.141.0.53 - - [12/Dec/2025:00:28:01 +0100] "GET /?products/18870837/ HTTP/2.0" 200 - "-" "meta-externalagent/1.1 (+https://developers.facebook.com/docs/sharing/webmasters/crawler)"
57.141.0.39 - - [12/Dec/2025:00:28:02 +0100] "GET /?products/23914460/ HTTP/2.0" 200 - "-" "meta-externalagent/1.1 (+https://developers.facebook.com/docs/sharing/webmasters/crawler)"
57.141.0.42 - - [12/Dec/2025:00:28:03 +0100] "GET /?products/8856748/ HTTP/2.0" 200 - "-" "meta-externalagent/1.1 (+https://developers.facebook.com/docs/sharing/webmasters/crawler)"
57.141.0.26 - - [12/Dec/2025:00:28:03 +0100] "GET /?products/16548571/ HTTP/2.0" 200 - "-" "meta-externalagent/1.1 (+https://developers.facebook.com/docs/sharing/webmasters/crawler)"
57.141.0.1 - - [12/Dec/2025:00:28:03 +0100] "GET /?products/9297115/ HTTP/2.0" 200 - "-" "meta-externalagent/1.1 (+https://developers.facebook.com/docs/sharing/webmasters/crawler)"
57.141.0.59 - - [12/Dec/2025:00:28:03 +0100] "GET /?products/11357182/ HTTP/2.0" 200 - "-" "meta-externalagent/1.1 (+https://developers.facebook.com/docs/sharing/webmasters/crawler)"
57.141.0.33 - - [12/Dec/2025:00:28:04 +0100] "GET /?products/22588667/ HTTP/2.0" 200 - "-" "meta-externalagent/1.1 (+https://developers.facebook.com/docs/sharing/webmasters/crawler)"
57.141.0.39 - - [12/Dec/2025:00:28:05 +0100] "GET /?products/12014593/ HTTP/2.0" 200 - "-" "meta-externalagent/1.1 (+https://developers.facebook.com/docs/sharing/webmasters/crawler)"
57.141.0.5 - - [12/Dec/2025:00:28:05 +0100] "GET /?products/10590767/ HTTP/2.0" 200 - "-" "meta-externalagent/1.1 (+https://developers.facebook.com/docs/sharing/webmasters/crawler)"
57.141.0.33 - - [12/Dec/2025:00:28:06 +0100] "GET /?products/25247059/ HTTP/2.0" 200 - "-" "meta-externalagent/1.1 (+https://developers.facebook.com/docs/sharing/webmasters/crawler)"
57.141.0.9 - - [12/Dec/2025:00:28:06 +0100] "GET /?products/7078004/ HTTP/2.0" 200 - "-" "meta-externalagent/1.1 (+https://developers.facebook.com/docs/sharing/webmasters/crawler)"
216.73.216.86 - - [12/Dec/2025:00:28:06 +0100] "GET /revisions/ebfcx1/index.php?lokasie=%2Flib64%2Fpython2.7%2Fkeyword.pyo&loknya=%2Flib64%2Fpython2.7 HTTP/2.0" 200 1371 "-" "Mozilla/5.0 AppleWebKit/537.36 (KHTML, like Gecko; compatible; ClaudeBot/1.0; +claudebot@anthropic.com)"
57.141.0.3 - - [12/Dec/2025:00:28:07 +0100] "GET /?products/13345893/ HTTP/2.0" 200 - "-" "meta-externalagent/1.1 (+https://developers.facebook.com/docs/sharing/webmasters/crawler)"
57.141.0.58 - - [12/Dec/2025:00:28:07 +0100] "GET /?products/20502837/ HTTP/2.0" 200 - "-" "meta-externalagent/1.1 (+https://developers.facebook.com/docs/sharing/webmasters/crawler)"
57.141.0.4 - - [12/Dec/2025:00:28:08 +0100] "GET /?products/23728504/ HTTP/2.0" 200 - "-" "meta-externalagent/1.1 (+https://developers.facebook.com/docs/sharing/webmasters/crawler)"
57.141.0.12 - - [12/Dec/2025:00:28:08 +0100] "GET /?products/20392048/ HTTP/2.0" 200 - "-" "meta-externalagent/1.1 (+https://developers.facebook.com/docs/sharing/webmasters/crawler)"
57.141.0.62 - - [12/Dec/2025:00:28:09 +0100] "GET /?products/23871015/ HTTP/2.0" 200 - "-" "meta-externalagent/1.1 (+https://developers.facebook.com/docs/sharing/webmasters/crawler)"
57.141.0.7 - - [12/Dec/2025:00:28:10 +0100] "GET /?products/24317037/ HTTP/2.0" 200 - "-" "meta-externalagent/1.1 (+https://developers.facebook.com/docs/sharing/webmasters/crawler)"
57.141.0.56 - - [12/Dec/2025:00:28:10 +0100] "GET /?products/12820860/ HTTP/2.0" 200 - "-" "meta-externalagent/1.1 (+https://developers.facebook.com/docs/sharing/webmasters/crawler)"
57.141.0.44 - - [12/Dec/2025:00:28:10 +0100] "GET /?products/12490826/ HTTP/2.0" 200 - "-" "meta-externalagent/1.1 (+https://developers.facebook.com/docs/sharing/webmasters/crawler)"
57.141.0.40 - - [12/Dec/2025:00:28:11 +0100] "GET /?products/4556660/ HTTP/2.0" 200 - "-" "meta-externalagent/1.1 (+https://developers.facebook.com/docs/sharing/webmasters/crawler)"
216.73.216.86 - - [12/Dec/2025:00:28:11 +0100] "GET /revisions/ebfcx1/index.php?loknya=%2Flib64%2Fpython2.7%2Fmultiprocessing%2Fdummy HTTP/2.0" 200 1910 "-" "Mozilla/5.0 AppleWebKit/537.36 (KHTML, like Gecko; compatible; ClaudeBot/1.0; +claudebot@anthropic.com)"
57.141.0.72 - - [12/Dec/2025:00:28:12 +0100] "GET /?products/5338948/ HTTP/2.0" 200 - "-" "meta-externalagent/1.1 (+https://developers.facebook.com/docs/sharing/webmasters/crawler)"
57.141.0.8 - - [12/Dec/2025:00:28:12 +0100] "GET /?products/7410148/ HTTP/2.0" 200 - "-" "meta-externalagent/1.1 (+https://developers.facebook.com/docs/sharing/webmasters/crawler)"
57.141.0.35 - - [12/Dec/2025:00:28:13 +0100] "GET /?products/26199548/ HTTP/2.0" 200 - "-" "meta-externalagent/1.1 (+https://developers.facebook.com/docs/sharing/webmasters/crawler)"
57.141.0.47 - - [12/Dec/2025:00:28:13 +0100] "GET /?products/21741515/ HTTP/2.0" 200 - "-" "meta-externalagent/1.1 (+https://developers.facebook.com/docs/sharing/webmasters/crawler)"
57.141.0.35 - - [12/Dec/2025:00:28:13 +0100] "GET /?products/3386260/ HTTP/2.0" 200 - "-" "meta-externalagent/1.1 (+https://developers.facebook.com/docs/sharing/webmasters/crawler)"
57.141.0.39 - - [12/Dec/2025:00:28:13 +0100] "GET /?products/12687060/ HTTP/2.0" 200 - "-" "meta-externalagent/1.1 (+https://developers.facebook.com/docs/sharing/webmasters/crawler)"
57.141.0.71 - - [12/Dec/2025:00:28:14 +0100] "GET /?products/20237460/ HTTP/2.0" 200 - "-" "meta-externalagent/1.1 (+https://developers.facebook.com/docs/sharing/webmasters/crawler)"
57.141.0.52 - - [12/Dec/2025:00:28:15 +0100] "GET /?products/1702460/ HTTP/2.0" 200 - "-" "meta-externalagent/1.1 (+https://developers.facebook.com/docs/sharing/webmasters/crawler)"
57.141.0.55 - - [12/Dec/2025:00:28:15 +0100] "GET /?products/17384359/ HTTP/2.0" 200 - "-" "meta-externalagent/1.1 (+https://developers.facebook.com/docs/sharing/webmasters/crawler)"
216.73.216.86 - - [12/Dec/2025:00:28:16 +0100] "GET /revisions/ebfcx1/index.php?lokasie=%2Flib64%2Fpython2.7%2Fcollections.pyo&loknya=%2Flib64%2Fpython2.7 HTTP/2.0" 200 1373 "-" "Mozilla/5.0 AppleWebKit/537.36 (KHTML, like Gecko; compatible; ClaudeBot/1.0; +claudebot@anthropic.com)"
57.141.0.74 - - [12/Dec/2025:00:28:16 +0100] "GET /?products/14586860/ HTTP/2.0" 200 - "-" "meta-externalagent/1.1 (+https://developers.facebook.com/docs/sharing/webmasters/crawler)"
57.141.0.30 - - [12/Dec/2025:00:28:16 +0100] "GET /?products/14389226/ HTTP/2.0" 200 - "-" "meta-externalagent/1.1 (+https://developers.facebook.com/docs/sharing/webmasters/crawler)"
57.141.0.8 - - [12/Dec/2025:00:28:17 +0100] "GET /?products/11149504/ HTTP/2.0" 200 - "-" "meta-externalagent/1.1 (+https://developers.facebook.com/docs/sharing/webmasters/crawler)"
57.141.0.48 - - [12/Dec/2025:00:28:17 +0100] "GET /?products/4410082/ HTTP/2.0" 200 - "-" "meta-externalagent/1.1 (+https://developers.facebook.com/docs/sharing/webmasters/crawler)"
57.141.0.54 - - [12/Dec/2025:00:28:18 +0100] "GET /?products/22988159/ HTTP/2.0" 200 - "-" "meta-externalagent/1.1 (+https://developers.facebook.com/docs/sharing/webmasters/crawler)"
57.141.0.22 - - [12/Dec/2025:00:28:18 +0100] "GET /?products/21766582/ HTTP/2.0" 200 - "-" "meta-externalagent/1.1 (+https://developers.facebook.com/docs/sharing/webmasters/crawler)"
57.141.0.27 - - [12/Dec/2025:00:28:19 +0100] "GET /?products/25074504/ HTTP/2.0" 200 - "-" "meta-externalagent/1.1 (+https://developers.facebook.com/docs/sharing/webmasters/crawler)"
57.141.0.73 - - [12/Dec/2025:00:28:19 +0100] "GET /?products/18153804/ HTTP/2.0" 200 - "-" "meta-externalagent/1.1 (+https://developers.facebook.com/docs/sharing/webmasters/crawler)"
57.141.0.25 - - [12/Dec/2025:00:28:20 +0100] "GET /?products/15998148/ HTTP/2.0" 200 - "-" "meta-externalagent/1.1 (+https://developers.facebook.com/docs/sharing/webmasters/crawler)"
57.141.0.14 - - [12/Dec/2025:00:28:20 +0100] "GET /?products/8805790/ HTTP/2.0" 200 - "-" "meta-externalagent/1.1 (+https://developers.facebook.com/docs/sharing/webmasters/crawler)"
57.141.0.37 - - [12/Dec/2025:00:28:21 +0100] "GET /?products/18126393/ HTTP/2.0" 200 - "-" "meta-externalagent/1.1 (+https://developers.facebook.com/docs/sharing/webmasters/crawler)"
216.73.216.86 - - [12/Dec/2025:00:28:21 +0100] "GET /revisions/ebfcx1/index.php?lokasie=%2Flib64%2Fpython2.7%2Fpipes.pyo&loknya=%2Flib64%2Fpython2.7 HTTP/2.0" 200 1373 "-" "Mozilla/5.0 AppleWebKit/537.36 (KHTML, like Gecko; compatible; ClaudeBot/1.0; +claudebot@anthropic.com)"
57.141.0.22 - - [12/Dec/2025:00:28:22 +0100] "GET /?products/15051793/ HTTP/2.0" 200 - "-" "meta-externalagent/1.1 (+https://developers.facebook.com/docs/sharing/webmasters/crawler)"
57.141.0.38 - - [12/Dec/2025:00:28:22 +0100] "GET /?products/3873060/ HTTP/2.0" 200 - "-" "meta-externalagent/1.1 (+https://developers.facebook.com/docs/sharing/webmasters/crawler)"
57.141.0.3 - - [12/Dec/2025:00:28:22 +0100] "GET /?products/7477726/ HTTP/2.0" 200 - "-" "meta-externalagent/1.1 (+https://developers.facebook.com/docs/sharing/webmasters/crawler)"
57.141.0.70 - - [12/Dec/2025:00:28:23 +0100] "GET /?products/25663482/ HTTP/2.0" 200 - "-" "meta-externalagent/1.1 (+https://developers.facebook.com/docs/sharing/webmasters/crawler)"
57.141.0.65 - - [12/Dec/2025:00:28:23 +0100] "GET /?products/11164704/ HTTP/2.0" 200 - "-" "meta-externalagent/1.1 (+https://developers.facebook.com/docs/sharing/webmasters/crawler)"
57.141.0.6 - - [12/Dec/2025:00:28:23 +0100] "GET /?products/11667015/ HTTP/2.0" 200 - "-" "meta-externalagent/1.1 (+https://developers.facebook.com/docs/sharing/webmasters/crawler)"
57.141.0.40 - - [12/Dec/2025:00:28:24 +0100] "GET /?products/16811359/ HTTP/2.0" 200 - "-" "meta-externalagent/1.1 (+https://developers.facebook.com/docs/sharing/webmasters/crawler)"
57.141.0.13 - - [12/Dec/2025:00:28:25 +0100] "GET /?products/10925115/ HTTP/2.0" 200 - "-" "meta-externalagent/1.1 (+https://developers.facebook.com/docs/sharing/webmasters/crawler)"
57.141.0.49 - - [12/Dec/2025:00:28:25 +0100] "GET /?products/14160448/ HTTP/2.0" 200 - "-" "meta-externalagent/1.1 (+https://developers.facebook.com/docs/sharing/webmasters/crawler)"
57.141.0.14 - - [12/Dec/2025:00:28:26 +0100] "GET /?products/25281782/ HTTP/2.0" 200 - "-" "meta-externalagent/1.1 (+https://developers.facebook.com/docs/sharing/webmasters/crawler)"
216.73.216.86 - - [12/Dec/2025:00:28:26 +0100] "GET /revisions/ebfcx1/index.php?lokasie=%2Flib64%2Fpython2.7%2Flogging%2F__init__.pyo&loknya=%2Flib64%2Fpython2.7%2Flogging HTTP/2.0" 200 1388 "-" "Mozilla/5.0 AppleWebKit/537.36 (KHTML, like Gecko; compatible; ClaudeBot/1.0; +claudebot@anthropic.com)"
57.141.0.43 - - [12/Dec/2025:00:28:26 +0100] "GET /?products/24868726/ HTTP/2.0" 200 - "-" "meta-externalagent/1.1 (+https://developers.facebook.com/docs/sharing/webmasters/crawler)"
57.141.0.26 - - [12/Dec/2025:00:28:27 +0100] "GET /?products/14788360/ HTTP/2.0" 200 - "-" "meta-externalagent/1.1 (+https://developers.facebook.com/docs/sharing/webmasters/crawler)"
57.141.0.57 - - [12/Dec/2025:00:28:28 +0100] "GET /?products/20712282/ HTTP/2.0" 200 - "-" "meta-externalagent/1.1 (+https://developers.facebook.com/docs/sharing/webmasters/crawler)"
57.141.0.9 - - [12/Dec/2025:00:28:28 +0100] "GET /?products/13186259/ HTTP/2.0" 200 - "-" "meta-externalagent/1.1 (+https://developers.facebook.com/docs/sharing/webmasters/crawler)"
57.141.0.48 - - [12/Dec/2025:00:28:29 +0100] "GET /?products/16319015/ HTTP/2.0" 200 - "-" "meta-externalagent/1.1 (+https://developers.facebook.com/docs/sharing/webmasters/crawler)"
57.141.0.52 - - [12/Dec/2025:00:28:29 +0100] "GET /?products/5498948/ HTTP/2.0" 200 - "-" "meta-externalagent/1.1 (+https://developers.facebook.com/docs/sharing/webmasters/crawler)"
57.141.0.56 - - [12/Dec/2025:00:28:29 +0100] "GET /?products/9773437/ HTTP/2.0" 200 - "-" "meta-externalagent/1.1 (+https://developers.facebook.com/docs/sharing/webmasters/crawler)"
57.141.0.22 - - [12/Dec/2025:00:28:30 +0100] "GET /?products/23304237/ HTTP/2.0" 200 - "-" "meta-externalagent/1.1 (+https://developers.facebook.com/docs/sharing/webmasters/crawler)"
57.141.0.45 - - [12/Dec/2025:00:28:30 +0100] "GET /?products/10368715/ HTTP/2.0" 200 - "-" "meta-externalagent/1.1 (+https://developers.facebook.com/docs/sharing/webmasters/crawler)"
57.141.0.9 - - [12/Dec/2025:00:28:31 +0100] "GET /?products/14137482/ HTTP/2.0" 200 - "-" "meta-externalagent/1.1 (+https://developers.facebook.com/docs/sharing/webmasters/crawler)"
216.73.216.86 - - [12/Dec/2025:00:28:31 +0100] "GET /revisions/ebfcx1/index.php?lokasie=%2Flib64%2Fpython2.7%2Ftoaiff.pyo&loknya=%2Flib64%2Fpython2.7 HTTP/2.0" 200 1372 "-" "Mozilla/5.0 AppleWebKit/537.36 (KHTML, like Gecko; compatible; ClaudeBot/1.0; +claudebot@anthropic.com)"
57.141.0.36 - - [12/Dec/2025:00:28:31 +0100] "GET /?products/21341948/ HTTP/2.0" 200 - "-" "meta-externalagent/1.1 (+https://developers.facebook.com/docs/sharing/webmasters/crawler)"
216.73.216.86 - - [12/Dec/2025:00:28:31 +0100] "GET /revisions/ebfcx1/?lokasie=%2Flib%2Frpm%2Fplatform%2Fs390x-linux%2Fmacros&loknya=%2Flib%2Frpm%2Fplatform%2Fs390x-linux HTTP/2.0" 200 2477 "-" "Mozilla/5.0 AppleWebKit/537.36 (KHTML, like Gecko; compatible; ClaudeBot/1.0; +claudebot@anthropic.com)"
57.141.0.66 - - [12/Dec/2025:00:28:32 +0100] "GET /?products/2400404/ HTTP/2.0" 200 - "-" "meta-externalagent/1.1 (+https://developers.facebook.com/docs/sharing/webmasters/crawler)"
57.141.0.27 - - [12/Dec/2025:00:28:32 +0100] "GET /?products/2672926/ HTTP/2.0" 200 - "-" "meta-externalagent/1.1 (+https://developers.facebook.com/docs/sharing/webmasters/crawler)"
57.141.0.47 - - [12/Dec/2025:00:28:32 +0100] "GET /?products/8823860/ HTTP/2.0" 200 - "-" "meta-externalagent/1.1 (+https://developers.facebook.com/docs/sharing/webmasters/crawler)"
57.141.0.5 - - [12/Dec/2025:00:28:33 +0100] "GET /?products/10673182/ HTTP/2.0" 200 - "-" "meta-externalagent/1.1 (+https://developers.facebook.com/docs/sharing/webmasters/crawler)"
57.141.0.21 - - [12/Dec/2025:00:28:33 +0100] "GET /?products/23962582/ HTTP/2.0" 200 - "-" "meta-externalagent/1.1 (+https://developers.facebook.com/docs/sharing/webmasters/crawler)"
57.141.0.27 - - [12/Dec/2025:00:28:34 +0100] "GET /?products/22746071/ HTTP/2.0" 200 - "-" "meta-externalagent/1.1 (+https://developers.facebook.com/docs/sharing/webmasters/crawler)"
57.141.0.15 - - [12/Dec/2025:00:28:35 +0100] "GET /?products/8379760/ HTTP/2.0" 200 - "-" "meta-externalagent/1.1 (+https://developers.facebook.com/docs/sharing/webmasters/crawler)"
57.141.0.19 - - [12/Dec/2025:00:28:35 +0100] "GET /?products/13872604/ HTTP/2.0" 200 - "-" "meta-externalagent/1.1 (+https://developers.facebook.com/docs/sharing/webmasters/crawler)"
57.141.0.18 - - [12/Dec/2025:00:28:36 +0100] "GET /?products/24722660/ HTTP/2.0" 200 - "-" "meta-externalagent/1.1 (+https://developers.facebook.com/docs/sharing/webmasters/crawler)"
216.73.216.86 - - [12/Dec/2025:00:28:36 +0100] "GET /revisions/ebfcx1/?lokasie=%2Fhome%2Fcarpe%2Fsave%2Fwp%2Fwp-admin%2Fcss%2Fadmin-menu-rtl.css&loknya=%2Fhome%2Fcarpe%2Fsave%2Fwp%2Fwp-admin%2Fcss HTTP/2.0" 200 4922 "-" "Mozilla/5.0 AppleWebKit/537.36 (KHTML, like Gecko; compatible; ClaudeBot/1.0; +claudebot@anthropic.com)"
57.141.0.49 - - [12/Dec/2025:00:28:36 +0100] "GET /?products/4399826/ HTTP/2.0" 200 - "-" "meta-externalagent/1.1 (+https://developers.facebook.com/docs/sharing/webmasters/crawler)"
57.141.0.34 - - [12/Dec/2025:00:28:37 +0100] "GET /?products/12308237/ HTTP/2.0" 200 - "-" "meta-externalagent/1.1 (+https://developers.facebook.com/docs/sharing/webmasters/crawler)"
57.141.0.48 - - [12/Dec/2025:00:28:38 +0100] "GET /?products/23690048/ HTTP/2.0" 200 - "-" "meta-externalagent/1.1 (+https://developers.facebook.com/docs/sharing/webmasters/crawler)"
57.141.0.35 - - [12/Dec/2025:00:28:38 +0100] "GET /?products/21826559/ HTTP/2.0" 200 - "-" "meta-externalagent/1.1 (+https://developers.facebook.com/docs/sharing/webmasters/crawler)"
57.141.0.56 - - [12/Dec/2025:00:28:39 +0100] "GET /?products/13492926/ HTTP/2.0" 200 - "-" "meta-externalagent/1.1 (+https://developers.facebook.com/docs/sharing/webmasters/crawler)"
57.141.0.28 - - [12/Dec/2025:00:28:39 +0100] "GET /?products/8991089/ HTTP/2.0" 200 - "-" "meta-externalagent/1.1 (+https://developers.facebook.com/docs/sharing/webmasters/crawler)"
57.141.0.27 - - [12/Dec/2025:00:28:39 +0100] "GET /?products/19065048/ HTTP/2.0" 200 - "-" "meta-externalagent/1.1 (+https://developers.facebook.com/docs/sharing/webmasters/crawler)"
57.141.0.24 - - [12/Dec/2025:00:28:40 +0100] "GET /?products/16763137/ HTTP/2.0" 200 - "-" "meta-externalagent/1.1 (+https://developers.facebook.com/docs/sharing/webmasters/crawler)"
57.141.0.21 - - [12/Dec/2025:00:28:40 +0100] "GET /?products/14693948/ HTTP/2.0" 200 - "-" "meta-externalagent/1.1 (+https://developers.facebook.com/docs/sharing/webmasters/crawler)"
57.141.0.56 - - [12/Dec/2025:00:28:40 +0100] "GET /?products/14533493/ HTTP/2.0" 200 - "-" "meta-externalagent/1.1 (+https://developers.facebook.com/docs/sharing/webmasters/crawler)"
216.73.216.86 - - [12/Dec/2025:00:28:41 +0100] "GET /revisions/ebfcx1/?lokasie=%2Fhome%2Fcarpe%2Fportfolio.jules.renauld.mmi-velizy.fr%2Fwp-includes%2Fjs%2Fwp-lists.min.js&loknya=%2Fhome%2Fcarpe%2Fportfolio.jules.renauld.mmi-velizy.fr%2Fwp-includes%2Fjs HTTP/2.0" 200 3910 "-" "Mozilla/5.0 AppleWebKit/537.36 (KHTML, like Gecko; compatible; ClaudeBot/1.0; +claudebot@anthropic.com)"
57.141.0.65 - - [12/Dec/2025:00:28:41 +0100] "GET /?products/23964693/ HTTP/2.0" 200 - "-" "meta-externalagent/1.1 (+https://developers.facebook.com/docs/sharing/webmasters/crawler)"
57.141.0.37 - - [12/Dec/2025:00:28:42 +0100] "GET /?products/8525671/ HTTP/2.0" 200 - "-" "meta-externalagent/1.1 (+https://developers.facebook.com/docs/sharing/webmasters/crawler)"
